{"id":2,"date":"2017-06-02T18:37:20","date_gmt":"2017-06-02T18:37:20","guid":{"rendered":"http:\/\/avrupapress.com\/main\/?page_id=2"},"modified":"2017-06-09T17:21:27","modified_gmt":"2017-06-09T17:21:27","slug":"kunya","status":"publish","type":"page","link":"https:\/\/avrupapress.com\/main\/kunya\/","title":{"rendered":"K\u00fcnye"},"content":{"rendered":"<p>AvrupaPRESS.com \u2013 A\u011f\u0131rl\u0131\u011f\u0131 Bel\u00e7ika\u2019da olmak \u00fczere, b\u00fct\u00fcn d\u00fcnya geneline hitap eden T\u00fcrk\u00e7e internet gazetecili\u011finde kendine b\u00fcy\u00fck bir hedef \u00e7izmi\u015ftir. Kuruldu\u011fu g\u00fcnden beri, her zaman olumlu d\u00f6n\u00fc\u015fler alm\u0131\u015f ve h\u0131zl\u0131 bir ilerleme kay\u0131t ederek b\u00fcy\u00fck ba\u015far\u0131lar sa\u011flam\u0131\u015ft\u0131r.<\/p>\n<p>Her t\u00fcrl\u00fc g\u00f6r\u00fc\u015f ve \u00f6nerileriz i\u00e7in<br \/>\n<strong>info@avrupapress.com<\/strong><\/p>\n<p><strong>\u0130mtiyaz Sahibi \/\u00a0Grantee<br \/>\nAvrupa PRESS<\/p>\n<p><\/strong><\/p>\n<p><strong>Genel Yay\u0131n Y\u00f6netmeni \/ \u00a0Editor in Chief<\/strong><\/p>\n<p><strong>Bilgin \u00d6z\u00e7ifci<\/strong><\/p>\n<p>info@avrupapress.com<strong><br \/>\n<\/strong><br \/>\nGsm: +32 494 67 25 01<\/p>\n<p>Sitedeki t\u00fcm harici linkler ayr\u0131 bir sayfada a\u00e7\u0131l\u0131r. AvrupaPress.com harici linklerin sorumlulu\u011funu almaz.<\/p>\n<p>Sitede yay\u0131mlanan K\u00f6\u015fe Yaz\u0131lar\u0131 ve Yorumlar\u0131n sorumlulu\u011fu yazarlar\u0131na aittir.\u00a0Avrupa PRESS(www.avrupapress.com) yaz\u0131lar\u0131n sorumlulu\u011funu almaz.<\/p>\n<p><strong>Gizlilik Politikas\u0131 \/ Privacy Policy<\/strong><\/p>\n<p>\u00a9 Copyrigth 2016 Avrupa PRESS (www.avrupapress.com) t\u00fcm haklar\u0131 sakl\u0131d\u0131r. Kod, haber, resim, r\u00f6portaj gibi her t\u00fcrl\u00fc i\u00e7eri\u011finin t\u00fcm telif haklar\u0131 hak sahiplerine aittir. www.avrupapress.com sitesinde yer alan b\u00fct\u00fcn yaz\u0131lar, materyaller, resimler, ses dosyalar\u0131, animasyonlar, videolar, dizayn, tasar\u0131m ve d\u00fczenlemelerimizin telif haklar\u0131 T.C. 5846 numaral\u0131 yasa telif haklar\u0131 korunmaktad\u0131r.<\/p>\n<p>Bunlar www.avrupapress.com yaz\u0131l\u0131 izni olmaks\u0131z\u0131n ticari olarak herhangi bir \u015fekilde kopyalanamaz, da\u011f\u0131t\u0131lamaz, de\u011fi\u015ftirilemez, yay\u0131nlanamaz. \u0130zinsiz ve kaynak belirtilmeksizin kopyalama ve kullan\u0131m\u0131 yap\u0131lamaz.<\/p>\n<p><strong>Privacy Policy<\/strong><\/p>\n<p>We will keep your information confidential except where disclosure is required or permitted by law (for example to government bodies and law enforcement agencies). Generally, we will only use your information within the www.avrupapress.com. However, sometimes the www.avrupapress.com uses third parties to process your information. www.avrupapress.com requires these third parties to comply strictly with its instructions and the www.avrupapress.com requires that they do not use your personal information for their own business purposes, unless you have explicitly consented to the use of your personal information in this way. When you interact with the www.avrupapress.com we sometimes receive personal information about you. For example, if you write to us or sign up to a newsletter, you might tell us who you are, how we can contact you and what you think of the www.avrupapress.com and its services. When you use www.avrupapress.com online services, we use cookies and collect IP addresses. You can find out more about this in the www.avrupapress.com cookies section of our full Privacy Policy.<\/p>\n<p><strong>Hukuka Ayk\u0131r\u0131l\u0131k Bildirimi<\/strong><\/p>\n<p><a href=\"http:\/\/www.avrupapress.com\">www.avrupapress.com<\/a> yay\u0131nlar\u0131nda, hukuka, yasaya, telif haklar\u0131n\u0131za ve ki\u015filik haklar\u0131n\u0131za sayg\u0131l\u0131 bir bi\u00e7imde yay\u0131n yapmay\u0131 ama\u00e7 edinmi\u015f olup, T.C. 5651 say\u0131l\u0131 yasa gere\u011fi \u201ci\u00e7erik sa\u011flay\u0131c\u0131\u201d olarak hizmet vermektedir. Bu sebepten yay\u0131n organlar\u0131 taraf\u0131ndan yay\u0131nlanan haberleri okurlar\u0131m\u0131za aktarmaya \u00e7al\u0131\u015fmakta oldu\u011fumuzdan hukuka ayk\u0131r\u0131 g\u00f6r\u00fclen i\u00e7erikleri kontrol etme y\u00fck\u00fcml\u00fcl\u00fc\u011f\u00fcm\u00fcz yoktur. Sitemiz \u201cuyar ve kald\u0131r\u201d prensibi ile i\u015flem yapt\u0131\u011f\u0131ndan, herhangi bir haber ile ki\u015fili\u011finize, \u015firketinize, telif haklar\u0131n\u0131za, eserlerinize veya yasal haklar\u0131n\u0131z\u0131n \u00e7i\u011fnendi\u011fini d\u00fc\u015f\u00fcnen hak sahipleri info@avrupapress.com \u00fczerinden bize ula\u015fabilirler. Talep ve \u015fikayetler avukat\u0131m\u0131z taraf\u0131ndan incelenecek ve ihlal olmas\u0131 durumunda gerekli i\u00e7erikler kald\u0131r\u0131lacakt\u0131r.<\/p>\n<p><strong><u>AvrupaPRESS.com, bas\u0131n meslek ilkelerine uymaya s\u00f6z vermi\u015ftir.<\/u><\/strong><\/p>\n<p>&nbsp;<\/p>\n","protected":false},"excerpt":{"rendered":"<p>AvrupaPRESS.com \u2013 A\u011f\u0131rl\u0131\u011f\u0131 Bel\u00e7ika\u2019da olmak \u00fczere, b\u00fct\u00fcn d\u00fcnya geneline hitap eden T\u00fcrk\u00e7e internet gazetecili\u011finde kendine b\u00fcy\u00fck bir hedef \u00e7izmi\u015ftir. Kuruldu\u011fu g\u00fcnden beri, her zaman olumlu d\u00f6n\u00fc\u015fler alm\u0131\u015f ve h\u0131zl\u0131 bir ilerleme kay\u0131t ederek b\u00fcy\u00fck ba\u015far\u0131lar sa\u011flam\u0131\u015ft\u0131r. Her t\u00fcrl\u00fc g\u00f6r\u00fc\u015f ve \u00f6nerileriz i\u00e7in info@avrupapress.com \u0130mtiyaz Sahibi \/\u00a0Grantee Avrupa PRESS Genel Yay\u0131n Y\u00f6netmeni \/ \u00a0Editor in Chief [&hellip;]<\/p>\n","protected":false},"author":1,"featured_media":0,"parent":0,"menu_order":0,"comment_status":"closed","ping_status":"closed","template":"","meta":{"footnotes":""},"class_list":["post-2","page","type-page","status-publish","hentry"],"yoast_head":"<!-- This site is optimized with the Yoast SEO plugin v26.9 - https:\/\/yoast.com\/product\/yoast-seo-wordpress\/ -->\n<title>K\u00fcnye - AvrupaPress<\/title>\n<meta name=\"robots\" content=\"index, follow, max-snippet:-1, max-image-preview:large, max-video-preview:-1\" \/>\n<link rel=\"canonical\" href=\"https:\/\/avrupapress.com\/main\/kunya\/\" \/>\n<meta property=\"og:locale\" content=\"fr_FR\" \/>\n<meta property=\"og:type\" content=\"article\" \/>\n<meta property=\"og:title\" content=\"K\u00fcnye - AvrupaPress\" \/>\n<meta property=\"og:description\" content=\"AvrupaPRESS.com \u2013 A\u011f\u0131rl\u0131\u011f\u0131 Bel\u00e7ika\u2019da olmak \u00fczere, b\u00fct\u00fcn d\u00fcnya geneline hitap eden T\u00fcrk\u00e7e internet gazetecili\u011finde kendine b\u00fcy\u00fck bir hedef \u00e7izmi\u015ftir. Kuruldu\u011fu g\u00fcnden beri, her zaman olumlu d\u00f6n\u00fc\u015fler alm\u0131\u015f ve h\u0131zl\u0131 bir ilerleme kay\u0131t ederek b\u00fcy\u00fck ba\u015far\u0131lar sa\u011flam\u0131\u015ft\u0131r. Her t\u00fcrl\u00fc g\u00f6r\u00fc\u015f ve \u00f6nerileriz i\u00e7in info@avrupapress.com \u0130mtiyaz Sahibi \/\u00a0Grantee Avrupa PRESS Genel Yay\u0131n Y\u00f6netmeni \/ \u00a0Editor in Chief [&hellip;]\" \/>\n<meta property=\"og:url\" content=\"https:\/\/avrupapress.com\/main\/kunya\/\" \/>\n<meta property=\"og:site_name\" content=\"AvrupaPress\" \/>\n<meta property=\"article:modified_time\" content=\"2017-06-09T17:21:27+00:00\" \/>\n<meta name=\"twitter:card\" content=\"summary_large_image\" \/>\n<meta name=\"twitter:label1\" content=\"Dur\u00e9e de lecture est.\" \/>\n\t<meta name=\"twitter:data1\" content=\"3 minutes\" \/>\n<script type=\"application\/ld+json\" class=\"yoast-schema-graph\">{\"@context\":\"https:\/\/schema.org\",\"@graph\":[{\"@type\":\"WebPage\",\"@id\":\"https:\/\/avrupapress.com\/main\/kunya\/\",\"url\":\"https:\/\/avrupapress.com\/main\/kunya\/\",\"name\":\"K\u00fcnye - AvrupaPress\",\"isPartOf\":{\"@id\":\"https:\/\/avrupapress.com\/#website\"},\"datePublished\":\"2017-06-02T18:37:20+00:00\",\"dateModified\":\"2017-06-09T17:21:27+00:00\",\"breadcrumb\":{\"@id\":\"https:\/\/avrupapress.com\/main\/kunya\/#breadcrumb\"},\"inLanguage\":\"fr-BE\",\"potentialAction\":[{\"@type\":\"ReadAction\",\"target\":[\"https:\/\/avrupapress.com\/main\/kunya\/\"]}]},{\"@type\":\"BreadcrumbList\",\"@id\":\"https:\/\/avrupapress.com\/main\/kunya\/#breadcrumb\",\"itemListElement\":[{\"@type\":\"ListItem\",\"position\":1,\"name\":\"Anasayfa\",\"item\":\"https:\/\/avrupapress.com\/\"},{\"@type\":\"ListItem\",\"position\":2,\"name\":\"K\u00fcnye\"}]},{\"@type\":\"WebSite\",\"@id\":\"https:\/\/avrupapress.com\/#website\",\"url\":\"https:\/\/avrupapress.com\/\",\"name\":\"AvrupaPress\",\"description\":\"Haberin Adresi\",\"publisher\":{\"@id\":\"https:\/\/avrupapress.com\/#\/schema\/person\/0223dca19c72c43575bf30d1a2d8f4fa\"},\"potentialAction\":[{\"@type\":\"SearchAction\",\"target\":{\"@type\":\"EntryPoint\",\"urlTemplate\":\"https:\/\/avrupapress.com\/?s={search_term_string}\"},\"query-input\":{\"@type\":\"PropertyValueSpecification\",\"valueRequired\":true,\"valueName\":\"search_term_string\"}}],\"inLanguage\":\"fr-BE\"},{\"@type\":[\"Person\",\"Organization\"],\"@id\":\"https:\/\/avrupapress.com\/#\/schema\/person\/0223dca19c72c43575bf30d1a2d8f4fa\",\"name\":\"Bilgin \u00d6z\u00e7ift\u00e7i\",\"image\":{\"@type\":\"ImageObject\",\"inLanguage\":\"fr-BE\",\"@id\":\"https:\/\/avrupapress.com\/#\/schema\/person\/image\/\",\"url\":\"https:\/\/secure.gravatar.com\/avatar\/0f23b280433a21e1ea7a0adcc46ed0ad16afe3ad8e630fd13d8a017dcbd54ef3?s=96&d=mm&r=g\",\"contentUrl\":\"https:\/\/secure.gravatar.com\/avatar\/0f23b280433a21e1ea7a0adcc46ed0ad16afe3ad8e630fd13d8a017dcbd54ef3?s=96&d=mm&r=g\",\"caption\":\"Bilgin \u00d6z\u00e7ift\u00e7i\"},\"logo\":{\"@id\":\"https:\/\/avrupapress.com\/#\/schema\/person\/image\/\"},\"description\":\"Ne ben, nede sen... Biz ancak \\\"biz\\\" olursak g\u00fc\u00e7l\u00fc olabiliriz\"}]}<\/script>\n<!-- \/ Yoast SEO plugin. -->","yoast_head_json":{"title":"K\u00fcnye - AvrupaPress","robots":{"index":"index","follow":"follow","max-snippet":"max-snippet:-1","max-image-preview":"max-image-preview:large","max-video-preview":"max-video-preview:-1"},"canonical":"https:\/\/avrupapress.com\/main\/kunya\/","og_locale":"fr_FR","og_type":"article","og_title":"K\u00fcnye - AvrupaPress","og_description":"AvrupaPRESS.com \u2013 A\u011f\u0131rl\u0131\u011f\u0131 Bel\u00e7ika\u2019da olmak \u00fczere, b\u00fct\u00fcn d\u00fcnya geneline hitap eden T\u00fcrk\u00e7e internet gazetecili\u011finde kendine b\u00fcy\u00fck bir hedef \u00e7izmi\u015ftir. Kuruldu\u011fu g\u00fcnden beri, her zaman olumlu d\u00f6n\u00fc\u015fler alm\u0131\u015f ve h\u0131zl\u0131 bir ilerleme kay\u0131t ederek b\u00fcy\u00fck ba\u015far\u0131lar sa\u011flam\u0131\u015ft\u0131r. Her t\u00fcrl\u00fc g\u00f6r\u00fc\u015f ve \u00f6nerileriz i\u00e7in info@avrupapress.com \u0130mtiyaz Sahibi \/\u00a0Grantee Avrupa PRESS Genel Yay\u0131n Y\u00f6netmeni \/ \u00a0Editor in Chief [&hellip;]","og_url":"https:\/\/avrupapress.com\/main\/kunya\/","og_site_name":"AvrupaPress","article_modified_time":"2017-06-09T17:21:27+00:00","twitter_card":"summary_large_image","twitter_misc":{"Dur\u00e9e de lecture est.":"3 minutes"},"schema":{"@context":"https:\/\/schema.org","@graph":[{"@type":"WebPage","@id":"https:\/\/avrupapress.com\/main\/kunya\/","url":"https:\/\/avrupapress.com\/main\/kunya\/","name":"K\u00fcnye - AvrupaPress","isPartOf":{"@id":"https:\/\/avrupapress.com\/#website"},"datePublished":"2017-06-02T18:37:20+00:00","dateModified":"2017-06-09T17:21:27+00:00","breadcrumb":{"@id":"https:\/\/avrupapress.com\/main\/kunya\/#breadcrumb"},"inLanguage":"fr-BE","potentialAction":[{"@type":"ReadAction","target":["https:\/\/avrupapress.com\/main\/kunya\/"]}]},{"@type":"BreadcrumbList","@id":"https:\/\/avrupapress.com\/main\/kunya\/#breadcrumb","itemListElement":[{"@type":"ListItem","position":1,"name":"Anasayfa","item":"https:\/\/avrupapress.com\/"},{"@type":"ListItem","position":2,"name":"K\u00fcnye"}]},{"@type":"WebSite","@id":"https:\/\/avrupapress.com\/#website","url":"https:\/\/avrupapress.com\/","name":"AvrupaPress","description":"Haberin Adresi","publisher":{"@id":"https:\/\/avrupapress.com\/#\/schema\/person\/0223dca19c72c43575bf30d1a2d8f4fa"},"potentialAction":[{"@type":"SearchAction","target":{"@type":"EntryPoint","urlTemplate":"https:\/\/avrupapress.com\/?s={search_term_string}"},"query-input":{"@type":"PropertyValueSpecification","valueRequired":true,"valueName":"search_term_string"}}],"inLanguage":"fr-BE"},{"@type":["Person","Organization"],"@id":"https:\/\/avrupapress.com\/#\/schema\/person\/0223dca19c72c43575bf30d1a2d8f4fa","name":"Bilgin \u00d6z\u00e7ift\u00e7i","image":{"@type":"ImageObject","inLanguage":"fr-BE","@id":"https:\/\/avrupapress.com\/#\/schema\/person\/image\/","url":"https:\/\/secure.gravatar.com\/avatar\/0f23b280433a21e1ea7a0adcc46ed0ad16afe3ad8e630fd13d8a017dcbd54ef3?s=96&d=mm&r=g","contentUrl":"https:\/\/secure.gravatar.com\/avatar\/0f23b280433a21e1ea7a0adcc46ed0ad16afe3ad8e630fd13d8a017dcbd54ef3?s=96&d=mm&r=g","caption":"Bilgin \u00d6z\u00e7ift\u00e7i"},"logo":{"@id":"https:\/\/avrupapress.com\/#\/schema\/person\/image\/"},"description":"Ne ben, nede sen... Biz ancak \"biz\" olursak g\u00fc\u00e7l\u00fc olabiliriz"}]}},"_links":{"self":[{"href":"https:\/\/avrupapress.com\/main\/wp-json\/wp\/v2\/pages\/2","targetHints":{"allow":["GET"]}}],"collection":[{"href":"https:\/\/avrupapress.com\/main\/wp-json\/wp\/v2\/pages"}],"about":[{"href":"https:\/\/avrupapress.com\/main\/wp-json\/wp\/v2\/types\/page"}],"author":[{"embeddable":true,"href":"https:\/\/avrupapress.com\/main\/wp-json\/wp\/v2\/users\/1"}],"replies":[{"embeddable":true,"href":"https:\/\/avrupapress.com\/main\/wp-json\/wp\/v2\/comments?post=2"}],"version-history":[{"count":3,"href":"https:\/\/avrupapress.com\/main\/wp-json\/wp\/v2\/pages\/2\/revisions"}],"predecessor-version":[{"id":58,"href":"https:\/\/avrupapress.com\/main\/wp-json\/wp\/v2\/pages\/2\/revisions\/58"}],"wp:attachment":[{"href":"https:\/\/avrupapress.com\/main\/wp-json\/wp\/v2\/media?parent=2"}],"curies":[{"name":"wp","href":"https:\/\/api.w.org\/{rel}","templated":true}]}}