{"version":"1.0","provider_name":"AvrupaPress","provider_url":"https:\/\/avrupapress.com\/main","author_name":"Edit\u00f6r","author_url":"https:\/\/avrupapress.com\/main\/author\/editor\/","title":"Eski\u015fehir\u2019de \u015fehit ve gaziler dualarla an\u0131ld\u0131 - AvrupaPress","type":"rich","width":600,"height":338,"html":"<blockquote class=\"wp-embedded-content\" data-secret=\"CMnIXdiLZu\"><a href=\"https:\/\/avrupapress.com\/main\/2026\/04\/30\/eskisehirde-sehit-ve-gaziler-dualarla-anildi-2\/\">Eski\u015fehir\u2019de \u015fehit ve gaziler dualarla an\u0131ld\u0131<\/a><\/blockquote><iframe sandbox=\"allow-scripts\" security=\"restricted\" src=\"https:\/\/avrupapress.com\/main\/2026\/04\/30\/eskisehirde-sehit-ve-gaziler-dualarla-anildi-2\/embed\/#?secret=CMnIXdiLZu\" width=\"600\" height=\"338\" title=\"\u00ab\u00a0Eski\u015fehir\u2019de \u015fehit ve gaziler dualarla an\u0131ld\u0131\u00a0\u00bb &#8212; AvrupaPress\" data-secret=\"CMnIXdiLZu\" frameborder=\"0\" marginwidth=\"0\" marginheight=\"0\" scrolling=\"no\" class=\"wp-embedded-content\"><\/iframe><script type=\"text\/javascript\">\n\/* <![CDATA[ *\/\n\/*! This file is auto-generated *\/\n!function(d,l){\"use strict\";l.querySelector&&d.addEventListener&&\"undefined\"!=typeof URL&&(d.wp=d.wp||{},d.wp.receiveEmbedMessage||(d.wp.receiveEmbedMessage=function(e){var t=e.data;if((t||t.secret||t.message||t.value)&&!\/[^a-zA-Z0-9]\/.test(t.secret)){for(var s,r,n,a=l.querySelectorAll('iframe[data-secret=\"'+t.secret+'\"]'),o=l.querySelectorAll('blockquote[data-secret=\"'+t.secret+'\"]'),c=new RegExp(\"^https?:$\",\"i\"),i=0;i<o.length;i++)o[i].style.display=\"none\";for(i=0;i<a.length;i++)s=a[i],e.source===s.contentWindow&&(s.removeAttribute(\"style\"),\"height\"===t.message?(1e3<(r=parseInt(t.value,10))?r=1e3:~~r<200&&(r=200),s.height=r):\"link\"===t.message&&(r=new URL(s.getAttribute(\"src\")),n=new URL(t.value),c.test(n.protocol))&&n.host===r.host&&l.activeElement===s&&(d.top.location.href=t.value))}},d.addEventListener(\"message\",d.wp.receiveEmbedMessage,!1),l.addEventListener(\"DOMContentLoaded\",function(){for(var e,t,s=l.querySelectorAll(\"iframe.wp-embedded-content\"),r=0;r<s.length;r++)(t=(e=s[r]).getAttribute(\"data-secret\"))||(t=Math.random().toString(36).substring(2,12),e.src+=\"#?secret=\"+t,e.setAttribute(\"data-secret\",t)),e.contentWindow.postMessage({message:\"ready\",secret:t},\"*\")},!1)))}(window,document);\n\/\/# sourceURL=https:\/\/avrupapress.com\/main\/wp-includes\/js\/wp-embed.min.js\n\/* ]]> *\/\n<\/script>\n","thumbnail_url":"https:\/\/avrupapress.com\/main\/wp-content\/uploads\/2026\/04\/WhatsApp-Image-2026-04-24-at-16.09.53.jpeg","thumbnail_width":1440,"thumbnail_height":888,"description":"HABER \/ FOTO\u011eRAF: ERTU\u011eRUL ALTINEL \u2013 B\u0130LG\u0130N \u00d6Z\u00c7\u0130FT\u00c7\u0130 \u2013 AVRUPA PRESS &#8211; BEL\u00c7\u0130KA Toplumsal fark\u0131ndal\u0131\u011f\u0131 art\u0131rmaya y\u00f6nelik k\u00fclt\u00fcrel etkinliklere bir yenisi daha eklendi. Emirda\u011fl\u0131 Yazar Osman Karakaya; Emirda\u011f \u00d6zel \u00dclk\u00fc Yat\u0131l\u0131 Bak\u0131m Merkezi i\u015f birli\u011fiyle d\u00fczenlenen imza ve kitap okuma etkinli\u011finde bak\u0131m merkezi sakinleri ve davetlilerle bir araya geldi ve anlaml\u0131 bulu\u015fma ger\u00e7ekle\u015ftirildi. S\u0131cak ve [&hellip;]"}

Editör

Eskişehir’de şehit ve gaziler dualarla anıldı - AvrupaPress

<blockquote class="wp-embedded-content" data-secret="CMnIXdiLZu"><a href="https://avrupapress.com/main/2026/04/30/eskisehirde-sehit-ve-gaziler-dualarla-anildi-2/">Eskişehir’de şehit ve gaziler dualarla anıldı</a></blockquote><iframe sandbox="allow-scripts" security="restricted" src="https://avrupapress.com/main/2026/04/30/eskisehirde-sehit-ve-gaziler-dualarla-anildi-2/embed/#?secret=CMnIXdiLZu" width="600" height="338" title="« Eskişehir’de şehit ve gaziler dualarla anıldı » &#8212; AvrupaPress" data-secret="CMnIXdiLZu" frameborder="0" marginwidth="0" marginheight="0" scrolling="no" class="wp-embedded-content"></iframe><script type="text/javascript">
/* <![CDATA[ */
/*! This file is auto-generated */
!function(d,l){"use strict";l.querySelector&&d.addEventListener&&"undefined"!=typeof URL&&(d.wp=d.wp||{},d.wp.receiveEmbedMessage||(d.wp.receiveEmbedMessage=function(e){var t=e.data;if((t||t.secret||t.message||t.value)&&!/[^a-zA-Z0-9]/.test(t.secret)){for(var s,r,n,a=l.querySelectorAll('iframe[data-secret="'+t.secret+'"]'),o=l.querySelectorAll('blockquote[data-secret="'+t.secret+'"]'),c=new RegExp("^https?:$","i"),i=0;i<o.length;i++)o[i].style.display="none";for(i=0;i<a.length;i++)s=a[i],e.source===s.contentWindow&&(s.removeAttribute("style"),"height"===t.message?(1e3<(r=parseInt(t.value,10))?r=1e3:~~r<200&&(r=200),s.height=r):"link"===t.message&&(r=new URL(s.getAttribute("src")),n=new URL(t.value),c.test(n.protocol))&&n.host===r.host&&l.activeElement===s&&(d.top.location.href=t.value))}},d.addEventListener("message",d.wp.receiveEmbedMessage,!1),l.addEventListener("DOMContentLoaded",function(){for(var e,t,s=l.querySelectorAll("iframe.wp-embedded-content"),r=0;r<s.length;r++)(t=(e=s[r]).getAttribute("data-secret"))||(t=Math.random().toString(36).substring(2,12),e.src+="#?secret="+t,e.setAttribute("data-secret",t)),e.contentWindow.postMessage({message:"ready",secret:t},"*")},!1)))}(window,document);
//# sourceURL=https://avrupapress.com/main/wp-includes/js/wp-embed.min.js
/* ]]> */
</script>

HABER / FOTOĞRAF: ERTUĞRUL ALTINEL – BİLGİN ÖZÇİFTÇİ – AVRUPA PRESS &#8211; BELÇİKA Toplumsal farkındalığı artırmaya yönelik kültürel etkinliklere bir yenisi daha eklendi. Emirdağlı Yazar Osman Karakaya; Emirdağ Özel Ülkü Yatılı Bakım Merkezi iş birliğiyle düzenlenen imza ve kitap okuma etkinliğinde bakım merkezi sakinleri ve davetlilerle bir araya geldi ve anlamlı buluşma gerçekleştirildi. Sıcak ve [&hellip;]
