{"version":"1.0","provider_name":"AvrupaPress","provider_url":"https:\/\/avrupapress.com\/main","author_name":"Edit\u00f6r","author_url":"https:\/\/avrupapress.com\/main\/author\/editor\/","title":"23 Nisan Ulusal Egemenlik ve \u00c7ocuk Bayram\u0131\u2019n\u0131n 106. Y\u0131ld\u00f6n\u00fcm\u00fc Anvers,Baskonsoloslukta kutlandi - AvrupaPress","type":"rich","width":600,"height":338,"html":"<blockquote class=\"wp-embedded-content\" data-secret=\"fdPxCOf9Zr\"><a href=\"https:\/\/avrupapress.com\/main\/2026\/04\/30\/34563\/\">23 Nisan Ulusal Egemenlik ve \u00c7ocuk Bayram\u0131\u2019n\u0131n 106. Y\u0131ld\u00f6n\u00fcm\u00fc Anvers,Baskonsoloslukta kutlandi<\/a><\/blockquote><iframe sandbox=\"allow-scripts\" security=\"restricted\" src=\"https:\/\/avrupapress.com\/main\/2026\/04\/30\/34563\/embed\/#?secret=fdPxCOf9Zr\" width=\"600\" height=\"338\" title=\"\u00ab\u00a023 Nisan Ulusal Egemenlik ve \u00c7ocuk Bayram\u0131\u2019n\u0131n 106. Y\u0131ld\u00f6n\u00fcm\u00fc Anvers,Baskonsoloslukta kutlandi\u00a0\u00bb &#8212; AvrupaPress\" data-secret=\"fdPxCOf9Zr\" frameborder=\"0\" marginwidth=\"0\" marginheight=\"0\" scrolling=\"no\" class=\"wp-embedded-content\"><\/iframe><script type=\"text\/javascript\">\n\/* <![CDATA[ *\/\n\/*! This file is auto-generated *\/\n!function(d,l){\"use strict\";l.querySelector&&d.addEventListener&&\"undefined\"!=typeof URL&&(d.wp=d.wp||{},d.wp.receiveEmbedMessage||(d.wp.receiveEmbedMessage=function(e){var t=e.data;if((t||t.secret||t.message||t.value)&&!\/[^a-zA-Z0-9]\/.test(t.secret)){for(var s,r,n,a=l.querySelectorAll('iframe[data-secret=\"'+t.secret+'\"]'),o=l.querySelectorAll('blockquote[data-secret=\"'+t.secret+'\"]'),c=new RegExp(\"^https?:$\",\"i\"),i=0;i<o.length;i++)o[i].style.display=\"none\";for(i=0;i<a.length;i++)s=a[i],e.source===s.contentWindow&&(s.removeAttribute(\"style\"),\"height\"===t.message?(1e3<(r=parseInt(t.value,10))?r=1e3:~~r<200&&(r=200),s.height=r):\"link\"===t.message&&(r=new URL(s.getAttribute(\"src\")),n=new URL(t.value),c.test(n.protocol))&&n.host===r.host&&l.activeElement===s&&(d.top.location.href=t.value))}},d.addEventListener(\"message\",d.wp.receiveEmbedMessage,!1),l.addEventListener(\"DOMContentLoaded\",function(){for(var e,t,s=l.querySelectorAll(\"iframe.wp-embedded-content\"),r=0;r<s.length;r++)(t=(e=s[r]).getAttribute(\"data-secret\"))||(t=Math.random().toString(36).substring(2,12),e.src+=\"#?secret=\"+t,e.setAttribute(\"data-secret\",t)),e.contentWindow.postMessage({message:\"ready\",secret:t},\"*\")},!1)))}(window,document);\n\/\/# sourceURL=https:\/\/avrupapress.com\/main\/wp-includes\/js\/wp-embed.min.js\n\/* ]]> *\/\n<\/script>\n","thumbnail_url":"https:\/\/avrupapress.com\/main\/wp-content\/uploads\/2026\/04\/WhatsApp-Image-2026-04-30-at-05.58.29.jpeg","thumbnail_width":2000,"thumbnail_height":1126,"description":"23 Nisan Ulusal Egemenlik ve \u00c7ocuk Bayram\u0131\u2019n\u0131n 106. Y\u0131ld\u00f6n\u00fcm\u00fc Anvers, Limburg, Maasmechelen, Gent b\u00f6lgelerinden yakla\u015f\u0131k 500 \u00f6\u011frenci ve vatanda\u015f\u0131m\u0131z\u0131n kat\u0131l\u0131m\u0131yla Ba\u015fkonsoloslu\u011fumuzda co\u015fkuyla kutland\u0131. Federal Parlamento\u2019da Flaman Sosyalist Partisi Milletvekili ve Vooruit Genel Ba\u015fkan Yard\u0131mc\u0131s\u0131 Say\u0131n Funda Oru, eski Senat\u00f6r Say\u0131n Meryem Ka\u00e7ar, UID Bel\u00e7ika Ba\u015fkan\u0131 Say\u0131n Yusuf Ta\u015fp\u0131nar, Zele Belediye Ba\u015fkan Yard\u0131mc\u0131s\u0131 Serdar \u00c7elik ile [&hellip;]"}

Editör

23 Nisan Ulusal Egemenlik ve Çocuk Bayramı’nın 106. Yıldönümü Anvers,Baskonsoloslukta kutlandi - AvrupaPress

<blockquote class="wp-embedded-content" data-secret="fdPxCOf9Zr"><a href="https://avrupapress.com/main/2026/04/30/34563/">23 Nisan Ulusal Egemenlik ve Çocuk Bayramı’nın 106. Yıldönümü Anvers,Baskonsoloslukta kutlandi</a></blockquote><iframe sandbox="allow-scripts" security="restricted" src="https://avrupapress.com/main/2026/04/30/34563/embed/#?secret=fdPxCOf9Zr" width="600" height="338" title="« 23 Nisan Ulusal Egemenlik ve Çocuk Bayramı’nın 106. Yıldönümü Anvers,Baskonsoloslukta kutlandi » &#8212; AvrupaPress" data-secret="fdPxCOf9Zr" frameborder="0" marginwidth="0" marginheight="0" scrolling="no" class="wp-embedded-content"></iframe><script type="text/javascript">
/* <![CDATA[ */
/*! This file is auto-generated */
!function(d,l){"use strict";l.querySelector&&d.addEventListener&&"undefined"!=typeof URL&&(d.wp=d.wp||{},d.wp.receiveEmbedMessage||(d.wp.receiveEmbedMessage=function(e){var t=e.data;if((t||t.secret||t.message||t.value)&&!/[^a-zA-Z0-9]/.test(t.secret)){for(var s,r,n,a=l.querySelectorAll('iframe[data-secret="'+t.secret+'"]'),o=l.querySelectorAll('blockquote[data-secret="'+t.secret+'"]'),c=new RegExp("^https?:$","i"),i=0;i<o.length;i++)o[i].style.display="none";for(i=0;i<a.length;i++)s=a[i],e.source===s.contentWindow&&(s.removeAttribute("style"),"height"===t.message?(1e3<(r=parseInt(t.value,10))?r=1e3:~~r<200&&(r=200),s.height=r):"link"===t.message&&(r=new URL(s.getAttribute("src")),n=new URL(t.value),c.test(n.protocol))&&n.host===r.host&&l.activeElement===s&&(d.top.location.href=t.value))}},d.addEventListener("message",d.wp.receiveEmbedMessage,!1),l.addEventListener("DOMContentLoaded",function(){for(var e,t,s=l.querySelectorAll("iframe.wp-embedded-content"),r=0;r<s.length;r++)(t=(e=s[r]).getAttribute("data-secret"))||(t=Math.random().toString(36).substring(2,12),e.src+="#?secret="+t,e.setAttribute("data-secret",t)),e.contentWindow.postMessage({message:"ready",secret:t},"*")},!1)))}(window,document);
//# sourceURL=https://avrupapress.com/main/wp-includes/js/wp-embed.min.js
/* ]]> */
</script>

23 Nisan Ulusal Egemenlik ve Çocuk Bayramı’nın 106. Yıldönümü Anvers, Limburg, Maasmechelen, Gent bölgelerinden yaklaşık 500 öğrenci ve vatandaşımızın katılımıyla Başkonsolosluğumuzda coşkuyla kutlandı. Federal Parlamento’da Flaman Sosyalist Partisi Milletvekili ve Vooruit Genel Başkan Yardımcısı Sayın Funda Oru, eski Senatör Sayın Meryem Kaçar, UID Belçika Başkanı Sayın Yusuf Taşpınar, Zele Belediye Başkan Yardımcısı Serdar Çelik ile [&hellip;]
