{"version":"1.0","provider_name":"AvrupaPress","provider_url":"https:\/\/avrupapress.com\/main","author_name":"Edit\u00f6r","author_url":"https:\/\/avrupapress.com\/main\/author\/editor\/","title":"Sava\u015f\u0131n G\u00f6lgesinde \u0130ki Ba\u015fkent: Ankara ve Br\u00fckselin iran S\u0131nav\u0131 - AvrupaPress","type":"rich","width":600,"height":338,"html":"<blockquote class=\"wp-embedded-content\" data-secret=\"ff6MOPuCMA\"><a href=\"https:\/\/avrupapress.com\/main\/2026\/03\/12\/diplomasinin-iki-yuzu-ilke-ve-gerceklik\/\">Sava\u015f\u0131n G\u00f6lgesinde \u0130ki Ba\u015fkent: Ankara ve Br\u00fckselin iran S\u0131nav\u0131<\/a><\/blockquote><iframe sandbox=\"allow-scripts\" security=\"restricted\" src=\"https:\/\/avrupapress.com\/main\/2026\/03\/12\/diplomasinin-iki-yuzu-ilke-ve-gerceklik\/embed\/#?secret=ff6MOPuCMA\" width=\"600\" height=\"338\" title=\"\u00ab\u00a0Sava\u015f\u0131n G\u00f6lgesinde \u0130ki Ba\u015fkent: Ankara ve Br\u00fckselin iran S\u0131nav\u0131\u00a0\u00bb &#8212; AvrupaPress\" data-secret=\"ff6MOPuCMA\" frameborder=\"0\" marginwidth=\"0\" marginheight=\"0\" scrolling=\"no\" class=\"wp-embedded-content\"><\/iframe><script type=\"text\/javascript\">\n\/* <![CDATA[ *\/\n\/*! This file is auto-generated *\/\n!function(d,l){\"use strict\";l.querySelector&&d.addEventListener&&\"undefined\"!=typeof URL&&(d.wp=d.wp||{},d.wp.receiveEmbedMessage||(d.wp.receiveEmbedMessage=function(e){var t=e.data;if((t||t.secret||t.message||t.value)&&!\/[^a-zA-Z0-9]\/.test(t.secret)){for(var s,r,n,a=l.querySelectorAll('iframe[data-secret=\"'+t.secret+'\"]'),o=l.querySelectorAll('blockquote[data-secret=\"'+t.secret+'\"]'),c=new RegExp(\"^https?:$\",\"i\"),i=0;i<o.length;i++)o[i].style.display=\"none\";for(i=0;i<a.length;i++)s=a[i],e.source===s.contentWindow&&(s.removeAttribute(\"style\"),\"height\"===t.message?(1e3<(r=parseInt(t.value,10))?r=1e3:~~r<200&&(r=200),s.height=r):\"link\"===t.message&&(r=new URL(s.getAttribute(\"src\")),n=new URL(t.value),c.test(n.protocol))&&n.host===r.host&&l.activeElement===s&&(d.top.location.href=t.value))}},d.addEventListener(\"message\",d.wp.receiveEmbedMessage,!1),l.addEventListener(\"DOMContentLoaded\",function(){for(var e,t,s=l.querySelectorAll(\"iframe.wp-embedded-content\"),r=0;r<s.length;r++)(t=(e=s[r]).getAttribute(\"data-secret\"))||(t=Math.random().toString(36).substring(2,12),e.src+=\"#?secret=\"+t,e.setAttribute(\"data-secret\",t)),e.contentWindow.postMessage({message:\"ready\",secret:t},\"*\")},!1)))}(window,document);\n\/\/# sourceURL=https:\/\/avrupapress.com\/main\/wp-includes\/js\/wp-embed.min.js\n\/* ]]> *\/\n<\/script>\n","thumbnail_url":"https:\/\/avrupapress.com\/main\/wp-content\/uploads\/2026\/03\/223ed967-7ab2-4899-91f8-43aae568be46-1-768x928-1.jpg","thumbnail_width":768,"thumbnail_height":928,"description":"Sava\u015f\u0131n G\u00f6lgesinde \u0130ki Ba\u015fkent: Ankara ve Br\u00fckselin iran S\u0131nav\u0131 D\u00fcnya, Mart 2026 ya Orta Do\u011fu&rsquo;dan y\u00fckselen alevlerin g\u00f6lgesinde girdi. israil ve ABD&rsquo;nin \u0130ran a y\u00f6nelik operasyonlar\u0131 kritik bir evreye girerken, sars\u0131nt\u0131 dalgalar\u0131 sadece b\u00f6lgeyi de\u011fil,binlerce kilometre \u00f6tedeki Avrupa&rsquo;n\u0131n kalbi Br\u00fcksel&rsquo;i ve bu firtinan\u0131n tam e\u015fi\u011findeki Ankara&rsquo;y\u0131 ayn\u0131 anda vurdu. Bug\u00fcn gelinen noktada, T\u00fcrkiye ve Bel\u00e7ika, [&hellip;]"}

Editör

Savaşın Gölgesinde İki Başkent: Ankara ve Brükselin iran Sınavı - AvrupaPress

<blockquote class="wp-embedded-content" data-secret="ff6MOPuCMA"><a href="https://avrupapress.com/main/2026/03/12/diplomasinin-iki-yuzu-ilke-ve-gerceklik/">Savaşın Gölgesinde İki Başkent: Ankara ve Brükselin iran Sınavı</a></blockquote><iframe sandbox="allow-scripts" security="restricted" src="https://avrupapress.com/main/2026/03/12/diplomasinin-iki-yuzu-ilke-ve-gerceklik/embed/#?secret=ff6MOPuCMA" width="600" height="338" title="« Savaşın Gölgesinde İki Başkent: Ankara ve Brükselin iran Sınavı » &#8212; AvrupaPress" data-secret="ff6MOPuCMA" frameborder="0" marginwidth="0" marginheight="0" scrolling="no" class="wp-embedded-content"></iframe><script type="text/javascript">
/* <![CDATA[ */
/*! This file is auto-generated */
!function(d,l){"use strict";l.querySelector&&d.addEventListener&&"undefined"!=typeof URL&&(d.wp=d.wp||{},d.wp.receiveEmbedMessage||(d.wp.receiveEmbedMessage=function(e){var t=e.data;if((t||t.secret||t.message||t.value)&&!/[^a-zA-Z0-9]/.test(t.secret)){for(var s,r,n,a=l.querySelectorAll('iframe[data-secret="'+t.secret+'"]'),o=l.querySelectorAll('blockquote[data-secret="'+t.secret+'"]'),c=new RegExp("^https?:$","i"),i=0;i<o.length;i++)o[i].style.display="none";for(i=0;i<a.length;i++)s=a[i],e.source===s.contentWindow&&(s.removeAttribute("style"),"height"===t.message?(1e3<(r=parseInt(t.value,10))?r=1e3:~~r<200&&(r=200),s.height=r):"link"===t.message&&(r=new URL(s.getAttribute("src")),n=new URL(t.value),c.test(n.protocol))&&n.host===r.host&&l.activeElement===s&&(d.top.location.href=t.value))}},d.addEventListener("message",d.wp.receiveEmbedMessage,!1),l.addEventListener("DOMContentLoaded",function(){for(var e,t,s=l.querySelectorAll("iframe.wp-embedded-content"),r=0;r<s.length;r++)(t=(e=s[r]).getAttribute("data-secret"))||(t=Math.random().toString(36).substring(2,12),e.src+="#?secret="+t,e.setAttribute("data-secret",t)),e.contentWindow.postMessage({message:"ready",secret:t},"*")},!1)))}(window,document);
//# sourceURL=https://avrupapress.com/main/wp-includes/js/wp-embed.min.js
/* ]]> */
</script>

Savaşın Gölgesinde İki Başkent: Ankara ve Brükselin iran Sınavı Dünya, Mart 2026 ya Orta Doğu&rsquo;dan yükselen alevlerin gölgesinde girdi. israil ve ABD&rsquo;nin İran a yönelik operasyonları kritik bir evreye girerken, sarsıntı dalgaları sadece bölgeyi değil,binlerce kilometre ötedeki Avrupa&rsquo;nın kalbi Brüksel&rsquo;i ve bu firtinanın tam eşiğindeki Ankara&rsquo;yı aynı anda vurdu. Bugün gelinen noktada, Türkiye ve Belçika, [&hellip;]
