{"version":"1.0","provider_name":"AvrupaPress","provider_url":"https:\/\/avrupapress.com\/main","author_name":"Edit\u00f6r","author_url":"https:\/\/avrupapress.com\/main\/author\/editor\/","title":"Gurbetci Vatandas Hollanda ordusunda genral Oldu - AvrupaPress","type":"rich","width":600,"height":338,"html":"<blockquote class=\"wp-embedded-content\" data-secret=\"a3tbM7hWsJ\"><a href=\"https:\/\/avrupapress.com\/main\/2026\/02\/19\/gurbetci-vatandas-hollanda-ordusunda-genral-oldu\/\">Gurbetci Vatandas Hollanda ordusunda genral Oldu<\/a><\/blockquote><iframe sandbox=\"allow-scripts\" security=\"restricted\" src=\"https:\/\/avrupapress.com\/main\/2026\/02\/19\/gurbetci-vatandas-hollanda-ordusunda-genral-oldu\/embed\/#?secret=a3tbM7hWsJ\" width=\"600\" height=\"338\" title=\"\u00ab\u00a0Gurbetci Vatandas Hollanda ordusunda genral Oldu\u00a0\u00bb &#8212; AvrupaPress\" data-secret=\"a3tbM7hWsJ\" frameborder=\"0\" marginwidth=\"0\" marginheight=\"0\" scrolling=\"no\" class=\"wp-embedded-content\"><\/iframe><script type=\"text\/javascript\">\n\/* <![CDATA[ *\/\n\/*! This file is auto-generated *\/\n!function(d,l){\"use strict\";l.querySelector&&d.addEventListener&&\"undefined\"!=typeof URL&&(d.wp=d.wp||{},d.wp.receiveEmbedMessage||(d.wp.receiveEmbedMessage=function(e){var t=e.data;if((t||t.secret||t.message||t.value)&&!\/[^a-zA-Z0-9]\/.test(t.secret)){for(var s,r,n,a=l.querySelectorAll('iframe[data-secret=\"'+t.secret+'\"]'),o=l.querySelectorAll('blockquote[data-secret=\"'+t.secret+'\"]'),c=new RegExp(\"^https?:$\",\"i\"),i=0;i<o.length;i++)o[i].style.display=\"none\";for(i=0;i<a.length;i++)s=a[i],e.source===s.contentWindow&&(s.removeAttribute(\"style\"),\"height\"===t.message?(1e3<(r=parseInt(t.value,10))?r=1e3:~~r<200&&(r=200),s.height=r):\"link\"===t.message&&(r=new URL(s.getAttribute(\"src\")),n=new URL(t.value),c.test(n.protocol))&&n.host===r.host&&l.activeElement===s&&(d.top.location.href=t.value))}},d.addEventListener(\"message\",d.wp.receiveEmbedMessage,!1),l.addEventListener(\"DOMContentLoaded\",function(){for(var e,t,s=l.querySelectorAll(\"iframe.wp-embedded-content\"),r=0;r<s.length;r++)(t=(e=s[r]).getAttribute(\"data-secret\"))||(t=Math.random().toString(36).substring(2,12),e.src+=\"#?secret=\"+t,e.setAttribute(\"data-secret\",t)),e.contentWindow.postMessage({message:\"ready\",secret:t},\"*\")},!1)))}(window,document);\n\/\/# sourceURL=https:\/\/avrupapress.com\/main\/wp-includes\/js\/wp-embed.min.js\n\/* ]]> *\/\n<\/script>\n","thumbnail_url":"https:\/\/avrupapress.com\/main\/wp-content\/uploads\/2026\/02\/4a3db4d0-8e98-40e5-b678-26b6faf83b90-e1771524828172.jpg","thumbnail_width":1080,"thumbnail_height":680,"description":"Gurbetci Vatandas Hollanda ordusunda genral Oldu 2003 y\u0131l\u0131nda Hollanda Ordusu\u2019nda y\u00fczba\u015f\u0131 olarak g\u00f6rev yaparken, \u00e7ifte vatanda\u015f oldu\u011fu i\u00e7in T\u00fcrk ordusunda Er olarak vatani g\u00f6revini tamamlayan Aslen Erzurumlu Cengiz \u015eahan, Hollanda\u2019da yeni kurulan Hava Destek Komutanl\u0131\u011f\u0131\u2019n\u0131n ba\u015f\u0131na getirildi. Tu\u011fgeneral r\u00fctbesindeki Cengiz \u015eahan g\u00f6revini t\u00f6renle devrald\u0131. \u00a0Hollanda tarihinde kuvvet komutanl\u0131\u011f\u0131 d\u00fczeyinde \u00fcst d\u00fczey g\u00f6reve getirilen ilk T\u00fcrk [&hellip;]"}

Editör

Gurbetci Vatandas Hollanda ordusunda genral Oldu 2003 yılında Hollanda Ordusu’nda yüzbaşı olarak görev yaparken, çifte vatandaş olduğu için Türk ordusunda Er olarak vatani görevini tamamlayan Aslen Erzurumlu Cengiz Şahan, Hollanda’da yeni kurulan Hava Destek Komutanlığı’nın başına getirildi. Tuğgeneral rütbesindeki Cengiz Şahan görevini törenle devraldı.  Hollanda tarihinde kuvvet komutanlığı düzeyinde üst düzey göreve getirilen ilk Türk [&hellip;]
