{"version":"1.0","provider_name":"AvrupaPress","provider_url":"https:\/\/avrupapress.com\/main","author_name":"Edit\u00f6r","author_url":"https:\/\/avrupapress.com\/main\/author\/editor\/","title":"ALMAN VATANDA\u015eLI\u011eI \u0130\u00c7\u0130N BA\u015eVURUMUZU YAPALIM.... - AvrupaPress","type":"rich","width":600,"height":338,"html":"<blockquote class=\"wp-embedded-content\" data-secret=\"BiUVy0dAeq\"><a href=\"https:\/\/avrupapress.com\/main\/2024\/03\/06\/alman-vatandasligi-icin-basvurumuzu-yapalim\/\">ALMAN VATANDA\u015eLI\u011eI \u0130\u00c7\u0130N BA\u015eVURUMUZU YAPALIM&#8230;.<\/a><\/blockquote><iframe sandbox=\"allow-scripts\" security=\"restricted\" src=\"https:\/\/avrupapress.com\/main\/2024\/03\/06\/alman-vatandasligi-icin-basvurumuzu-yapalim\/embed\/#?secret=BiUVy0dAeq\" width=\"600\" height=\"338\" title=\"\u00ab\u00a0ALMAN VATANDA\u015eLI\u011eI \u0130\u00c7\u0130N BA\u015eVURUMUZU YAPALIM&#8230;.\u00a0\u00bb &#8212; AvrupaPress\" data-secret=\"BiUVy0dAeq\" frameborder=\"0\" marginwidth=\"0\" marginheight=\"0\" scrolling=\"no\" class=\"wp-embedded-content\"><\/iframe><script type=\"text\/javascript\">\n\/* <![CDATA[ *\/\n\/*! This file is auto-generated *\/\n!function(d,l){\"use strict\";l.querySelector&&d.addEventListener&&\"undefined\"!=typeof URL&&(d.wp=d.wp||{},d.wp.receiveEmbedMessage||(d.wp.receiveEmbedMessage=function(e){var t=e.data;if((t||t.secret||t.message||t.value)&&!\/[^a-zA-Z0-9]\/.test(t.secret)){for(var s,r,n,a=l.querySelectorAll('iframe[data-secret=\"'+t.secret+'\"]'),o=l.querySelectorAll('blockquote[data-secret=\"'+t.secret+'\"]'),c=new RegExp(\"^https?:$\",\"i\"),i=0;i<o.length;i++)o[i].style.display=\"none\";for(i=0;i<a.length;i++)s=a[i],e.source===s.contentWindow&&(s.removeAttribute(\"style\"),\"height\"===t.message?(1e3<(r=parseInt(t.value,10))?r=1e3:~~r<200&&(r=200),s.height=r):\"link\"===t.message&&(r=new URL(s.getAttribute(\"src\")),n=new URL(t.value),c.test(n.protocol))&&n.host===r.host&&l.activeElement===s&&(d.top.location.href=t.value))}},d.addEventListener(\"message\",d.wp.receiveEmbedMessage,!1),l.addEventListener(\"DOMContentLoaded\",function(){for(var e,t,s=l.querySelectorAll(\"iframe.wp-embedded-content\"),r=0;r<s.length;r++)(t=(e=s[r]).getAttribute(\"data-secret\"))||(t=Math.random().toString(36).substring(2,12),e.src+=\"#?secret=\"+t,e.setAttribute(\"data-secret\",t)),e.contentWindow.postMessage({message:\"ready\",secret:t},\"*\")},!1)))}(window,document);\n\/\/# sourceURL=https:\/\/avrupapress.com\/main\/wp-includes\/js\/wp-embed.min.js\n\/* ]]> *\/\n<\/script>\n","thumbnail_url":"https:\/\/avrupapress.com\/main\/wp-content\/uploads\/2024\/03\/thumbnail__20181014_104231.jpg","thumbnail_width":810,"thumbnail_height":953,"description":"\u00c7ifte vatanda\u015fl\u0131k yasas\u0131n\u0131n May\u0131s ay\u0131nda y\u00fcr\u00fcrl\u00fc\u011fe girece\u011fini belirten KRV- Se\u00e7im Hakk\u0131 Giri\u015fimi Ba\u015fkan\u0131, yazar Bahattin Gemici yurtta\u015flar\u0131m\u0131za seslendi: \u201c\u015eimdiden gerekli evraklar\u0131 haz\u0131rlay\u0131n\u0131z. Alman vatanda\u015fl\u0131\u011f\u0131na ge\u00e7mek i\u00e7in ba\u015fvurunuzu yap\u0131n\u0131z.\u201d dedi. Herten- Almanya Yeni yasaya g\u00f6re ko\u015fullar\u0131 yerine getiren yurtta\u015flar\u0131m\u0131z\u0131 Alman vatanda\u015fl\u0131\u011f\u0131 i\u00e7in ba\u015fvuru yapmaya \u00e7a\u011f\u0131ran KRV- Se\u00e7im Hakk\u0131 Giri\u015fimi ba\u015fkan\u0131 Bahattin Gemici; \u201c\u00c7ifte vatanda\u015fl\u0131k hakk\u0131n\u0131 elde [&hellip;]"}

Editör

ALMAN VATANDAŞLIĞI İÇİN BAŞVURUMUZU YAPALIM.... - AvrupaPress

<blockquote class="wp-embedded-content" data-secret="BiUVy0dAeq"><a href="https://avrupapress.com/main/2024/03/06/alman-vatandasligi-icin-basvurumuzu-yapalim/">ALMAN VATANDAŞLIĞI İÇİN BAŞVURUMUZU YAPALIM&#8230;.</a></blockquote><iframe sandbox="allow-scripts" security="restricted" src="https://avrupapress.com/main/2024/03/06/alman-vatandasligi-icin-basvurumuzu-yapalim/embed/#?secret=BiUVy0dAeq" width="600" height="338" title="« ALMAN VATANDAŞLIĞI İÇİN BAŞVURUMUZU YAPALIM&#8230;. » &#8212; AvrupaPress" data-secret="BiUVy0dAeq" frameborder="0" marginwidth="0" marginheight="0" scrolling="no" class="wp-embedded-content"></iframe><script type="text/javascript">
/* <![CDATA[ */
/*! This file is auto-generated */
!function(d,l){"use strict";l.querySelector&&d.addEventListener&&"undefined"!=typeof URL&&(d.wp=d.wp||{},d.wp.receiveEmbedMessage||(d.wp.receiveEmbedMessage=function(e){var t=e.data;if((t||t.secret||t.message||t.value)&&!/[^a-zA-Z0-9]/.test(t.secret)){for(var s,r,n,a=l.querySelectorAll('iframe[data-secret="'+t.secret+'"]'),o=l.querySelectorAll('blockquote[data-secret="'+t.secret+'"]'),c=new RegExp("^https?:$","i"),i=0;i<o.length;i++)o[i].style.display="none";for(i=0;i<a.length;i++)s=a[i],e.source===s.contentWindow&&(s.removeAttribute("style"),"height"===t.message?(1e3<(r=parseInt(t.value,10))?r=1e3:~~r<200&&(r=200),s.height=r):"link"===t.message&&(r=new URL(s.getAttribute("src")),n=new URL(t.value),c.test(n.protocol))&&n.host===r.host&&l.activeElement===s&&(d.top.location.href=t.value))}},d.addEventListener("message",d.wp.receiveEmbedMessage,!1),l.addEventListener("DOMContentLoaded",function(){for(var e,t,s=l.querySelectorAll("iframe.wp-embedded-content"),r=0;r<s.length;r++)(t=(e=s[r]).getAttribute("data-secret"))||(t=Math.random().toString(36).substring(2,12),e.src+="#?secret="+t,e.setAttribute("data-secret",t)),e.contentWindow.postMessage({message:"ready",secret:t},"*")},!1)))}(window,document);
//# sourceURL=https://avrupapress.com/main/wp-includes/js/wp-embed.min.js
/* ]]> */
</script>

Çifte vatandaşlık yasasının Mayıs ayında yürürlüğe gireceğini belirten KRV- Seçim Hakkı Girişimi Başkanı, yazar Bahattin Gemici yurttaşlarımıza seslendi: “Şimdiden gerekli evrakları hazırlayınız. Alman vatandaşlığına geçmek için başvurunuzu yapınız.” dedi. Herten- Almanya Yeni yasaya göre koşulları yerine getiren yurttaşlarımızı Alman vatandaşlığı için başvuru yapmaya çağıran KRV- Seçim Hakkı Girişimi başkanı Bahattin Gemici; “Çifte vatandaşlık hakkını elde [&hellip;]
