{"version":"1.0","provider_name":"AvrupaPress","provider_url":"https:\/\/avrupapress.com\/main","author_name":"Edit\u00f6r","author_url":"https:\/\/avrupapress.com\/main\/author\/editor\/","title":"BEL-DOST DERNEGI SAGLIKLI VE AKTIF YASLANMA KONFERANSI - AvrupaPress","type":"rich","width":600,"height":338,"html":"<blockquote class=\"wp-embedded-content\" data-secret=\"dVmPvrV67M\"><a href=\"https:\/\/avrupapress.com\/main\/2024\/03\/04\/bel-dost-dernegi-saglikli-ve-aktif-yaslanma-konferansi\/\">BEL-DOST DERNEGI  SAGLIKLI  VE AKTIF YASLANMA KONFERANSI<\/a><\/blockquote><iframe sandbox=\"allow-scripts\" security=\"restricted\" src=\"https:\/\/avrupapress.com\/main\/2024\/03\/04\/bel-dost-dernegi-saglikli-ve-aktif-yaslanma-konferansi\/embed\/#?secret=dVmPvrV67M\" width=\"600\" height=\"338\" title=\"\u00ab\u00a0BEL-DOST DERNEGI  SAGLIKLI  VE AKTIF YASLANMA KONFERANSI\u00a0\u00bb &#8212; AvrupaPress\" data-secret=\"dVmPvrV67M\" frameborder=\"0\" marginwidth=\"0\" marginheight=\"0\" scrolling=\"no\" class=\"wp-embedded-content\"><\/iframe><script type=\"text\/javascript\">\n\/* <![CDATA[ *\/\n\/*! This file is auto-generated *\/\n!function(d,l){\"use strict\";l.querySelector&&d.addEventListener&&\"undefined\"!=typeof URL&&(d.wp=d.wp||{},d.wp.receiveEmbedMessage||(d.wp.receiveEmbedMessage=function(e){var t=e.data;if((t||t.secret||t.message||t.value)&&!\/[^a-zA-Z0-9]\/.test(t.secret)){for(var s,r,n,a=l.querySelectorAll('iframe[data-secret=\"'+t.secret+'\"]'),o=l.querySelectorAll('blockquote[data-secret=\"'+t.secret+'\"]'),c=new RegExp(\"^https?:$\",\"i\"),i=0;i<o.length;i++)o[i].style.display=\"none\";for(i=0;i<a.length;i++)s=a[i],e.source===s.contentWindow&&(s.removeAttribute(\"style\"),\"height\"===t.message?(1e3<(r=parseInt(t.value,10))?r=1e3:~~r<200&&(r=200),s.height=r):\"link\"===t.message&&(r=new URL(s.getAttribute(\"src\")),n=new URL(t.value),c.test(n.protocol))&&n.host===r.host&&l.activeElement===s&&(d.top.location.href=t.value))}},d.addEventListener(\"message\",d.wp.receiveEmbedMessage,!1),l.addEventListener(\"DOMContentLoaded\",function(){for(var e,t,s=l.querySelectorAll(\"iframe.wp-embedded-content\"),r=0;r<s.length;r++)(t=(e=s[r]).getAttribute(\"data-secret\"))||(t=Math.random().toString(36).substring(2,12),e.src+=\"#?secret=\"+t,e.setAttribute(\"data-secret\",t)),e.contentWindow.postMessage({message:\"ready\",secret:t},\"*\")},!1)))}(window,document);\n\/\/# sourceURL=https:\/\/avrupapress.com\/main\/wp-includes\/js\/wp-embed.min.js\n\/* ]]> *\/\n<\/script>\n","thumbnail_url":"https:\/\/avrupapress.com\/main\/wp-content\/uploads\/2024\/03\/thumbnail_Screenshot_20240304_224507_Outlook.jpg","thumbnail_width":1079,"thumbnail_height":1222,"description":"BEL-DOST BEL\u00c7\u0130KA T\u00dcRK KIDEML\u0130LER DOSTLUK GRUBU BEL-DOST Bilgi Tazeleme Konferans\u0131 ve dostluk resepsiyonu veriyor. Bruksel\u00a0 Ba\u015fkonsolosu Umut Deniz&rsquo;in kat\u0131l\u0131m\u0131yla SA\u011eLIKLI ve AKT\u0130F YA\u015eLANMA Konu\u015fmac\u0131 Doktor EL\u00c7\u0130N \u00d6ZALP Tarih: 7 Mart 2024 Per\u015fembe gunu T\u00fcrkiye Cumhuriyeti Br\u00fcksel Ba\u015fkonsoloslu\u011fu himayesinde, 7 Mart 2024 Per\u015fembe g\u00fcn\u00fc saat 18:30\u2019da, BEL-DOST Bel\u00e7ika T\u00fcrk K\u0131demliler Dostluk Grubu taraf\u0131ndan, Dr. El\u00e7in \u00d6zalp\u2019in [&hellip;]"}

Editör

BEL-DOST BELÇİKA TÜRK KIDEMLİLER DOSTLUK GRUBU BEL-DOST Bilgi Tazeleme Konferansı ve dostluk resepsiyonu veriyor. Bruksel  Başkonsolosu Umut Deniz&rsquo;in katılımıyla SAĞLIKLI ve AKTİF YAŞLANMA Konuşmacı Doktor ELÇİN ÖZALP Tarih: 7 Mart 2024 Perşembe gunu Türkiye Cumhuriyeti Brüksel Başkonsolosluğu himayesinde, 7 Mart 2024 Perşembe günü saat 18:30’da, BEL-DOST Belçika Türk Kıdemliler Dostluk Grubu tarafından, Dr. Elçin Özalp’in [&hellip;]
