{"version":"1.0","provider_name":"AvrupaPress","provider_url":"https:\/\/avrupapress.com\/main","author_name":"Edit\u00f6r","author_url":"https:\/\/avrupapress.com\/main\/author\/editor\/","title":"AVRUPA'DAKI CIFTCI EYLEMLERI TURKIYE'YE SICRADI - AvrupaPress","type":"rich","width":600,"height":338,"html":"<blockquote class=\"wp-embedded-content\" data-secret=\"HYW6ujSoCe\"><a href=\"https:\/\/avrupapress.com\/main\/2024\/02\/08\/avrupadaki-ciftci-eylemleri-turkiyeye-sicradi\/\">AVRUPA&rsquo;DAKI CIFTCI EYLEMLERI TURKIYE&rsquo;YE SICRADI<\/a><\/blockquote><iframe sandbox=\"allow-scripts\" security=\"restricted\" src=\"https:\/\/avrupapress.com\/main\/2024\/02\/08\/avrupadaki-ciftci-eylemleri-turkiyeye-sicradi\/embed\/#?secret=HYW6ujSoCe\" width=\"600\" height=\"338\" title=\"\u00ab\u00a0AVRUPA&rsquo;DAKI CIFTCI EYLEMLERI TURKIYE&rsquo;YE SICRADI\u00a0\u00bb &#8212; AvrupaPress\" data-secret=\"HYW6ujSoCe\" frameborder=\"0\" marginwidth=\"0\" marginheight=\"0\" scrolling=\"no\" class=\"wp-embedded-content\"><\/iframe><script type=\"text\/javascript\">\n\/* <![CDATA[ *\/\n\/*! This file is auto-generated *\/\n!function(d,l){\"use strict\";l.querySelector&&d.addEventListener&&\"undefined\"!=typeof URL&&(d.wp=d.wp||{},d.wp.receiveEmbedMessage||(d.wp.receiveEmbedMessage=function(e){var t=e.data;if((t||t.secret||t.message||t.value)&&!\/[^a-zA-Z0-9]\/.test(t.secret)){for(var s,r,n,a=l.querySelectorAll('iframe[data-secret=\"'+t.secret+'\"]'),o=l.querySelectorAll('blockquote[data-secret=\"'+t.secret+'\"]'),c=new RegExp(\"^https?:$\",\"i\"),i=0;i<o.length;i++)o[i].style.display=\"none\";for(i=0;i<a.length;i++)s=a[i],e.source===s.contentWindow&&(s.removeAttribute(\"style\"),\"height\"===t.message?(1e3<(r=parseInt(t.value,10))?r=1e3:~~r<200&&(r=200),s.height=r):\"link\"===t.message&&(r=new URL(s.getAttribute(\"src\")),n=new URL(t.value),c.test(n.protocol))&&n.host===r.host&&l.activeElement===s&&(d.top.location.href=t.value))}},d.addEventListener(\"message\",d.wp.receiveEmbedMessage,!1),l.addEventListener(\"DOMContentLoaded\",function(){for(var e,t,s=l.querySelectorAll(\"iframe.wp-embedded-content\"),r=0;r<s.length;r++)(t=(e=s[r]).getAttribute(\"data-secret\"))||(t=Math.random().toString(36).substring(2,12),e.src+=\"#?secret=\"+t,e.setAttribute(\"data-secret\",t)),e.contentWindow.postMessage({message:\"ready\",secret:t},\"*\")},!1)))}(window,document);\n\/\/# sourceURL=https:\/\/avrupapress.com\/main\/wp-includes\/js\/wp-embed.min.js\n\/* ]]> *\/\n<\/script>\n","thumbnail_url":"https:\/\/avrupapress.com\/main\/wp-content\/uploads\/2024\/02\/avrupa-daki-ciftci-eylemleri-turkiye-ye-sicradi_16832172_3792_z1.jpg","thumbnail_width":732,"thumbnail_height":411,"description":"Avrupa&rsquo;n\u0131n pek \u00e7ok kentinde g\u00fcnlerdir \u00e7ift\u00e7iler, tar\u0131m politikalar\u0131n\u0131 protesto etmek amac\u0131yla trakt\u00f6rlerle soka\u011fa \u00e7\u0131karken benzer g\u00f6r\u00fcnt\u00fclere bug\u00fcn Konya&rsquo;da rastlan\u0131ld\u0131. \u00c7ift\u00e7iler, trakt\u00f6rlerle Seydibey patates fabrikas\u0131 \u00f6n\u00fcne giderek, \u00fcretim kotas\u0131n\u0131n ba\u015fka il\u00e7eye kayd\u0131r\u0131lmas\u0131n\u0131 protesto etti. Ba\u015fta Almanya, Fransa, \u0130spanya, Hollanda, Bel\u00e7ika, Polonya, \u0130talya ve Macaristan olmak \u00fczere pek \u00e7ok Avrupa kentinde \u00e7ift\u00e7ilerin ger\u00e7ekle\u015ftirdi trakt\u00f6r konvoylu eylemlerin bir [&hellip;]"}

Editör

Avrupa&rsquo;nın pek çok kentinde günlerdir çiftçiler, tarım politikalarını protesto etmek amacıyla traktörlerle sokağa çıkarken benzer görüntülere bugün Konya&rsquo;da rastlanıldı. Çiftçiler, traktörlerle Seydibey patates fabrikası önüne giderek, üretim kotasının başka ilçeye kaydırılmasını protesto etti. Başta Almanya, Fransa, İspanya, Hollanda, Belçika, Polonya, İtalya ve Macaristan olmak üzere pek çok Avrupa kentinde çiftçilerin gerçekleştirdi traktör konvoylu eylemlerin bir [&hellip;]
