{"version":"1.0","provider_name":"AvrupaPress","provider_url":"https:\/\/avrupapress.com\/main","author_name":"Edit\u00f6r","author_url":"https:\/\/avrupapress.com\/main\/author\/editor\/","title":"Ko\u00e7ak, Emirda\u011fl\u0131lar Vakf\u0131 Ba\u015fkanl\u0131\u011f\u0131'na aday - AvrupaPress","type":"rich","width":600,"height":338,"html":"<blockquote class=\"wp-embedded-content\" data-secret=\"c72vj7vEWY\"><a href=\"https:\/\/avrupapress.com\/main\/2022\/05\/15\/kocak-emirdaglilar-vakfi-baskanligina-aday-fotografli\/\">Ko\u00e7ak, Emirda\u011fl\u0131lar Vakf\u0131 Ba\u015fkanl\u0131\u011f\u0131&rsquo;na aday<\/a><\/blockquote><iframe sandbox=\"allow-scripts\" security=\"restricted\" src=\"https:\/\/avrupapress.com\/main\/2022\/05\/15\/kocak-emirdaglilar-vakfi-baskanligina-aday-fotografli\/embed\/#?secret=c72vj7vEWY\" width=\"600\" height=\"338\" title=\"\u00ab\u00a0Ko\u00e7ak, Emirda\u011fl\u0131lar Vakf\u0131 Ba\u015fkanl\u0131\u011f\u0131&rsquo;na aday\u00a0\u00bb &#8212; AvrupaPress\" data-secret=\"c72vj7vEWY\" frameborder=\"0\" marginwidth=\"0\" marginheight=\"0\" scrolling=\"no\" class=\"wp-embedded-content\"><\/iframe><script type=\"text\/javascript\">\n\/* <![CDATA[ *\/\n\/*! This file is auto-generated *\/\n!function(d,l){\"use strict\";l.querySelector&&d.addEventListener&&\"undefined\"!=typeof URL&&(d.wp=d.wp||{},d.wp.receiveEmbedMessage||(d.wp.receiveEmbedMessage=function(e){var t=e.data;if((t||t.secret||t.message||t.value)&&!\/[^a-zA-Z0-9]\/.test(t.secret)){for(var s,r,n,a=l.querySelectorAll('iframe[data-secret=\"'+t.secret+'\"]'),o=l.querySelectorAll('blockquote[data-secret=\"'+t.secret+'\"]'),c=new RegExp(\"^https?:$\",\"i\"),i=0;i<o.length;i++)o[i].style.display=\"none\";for(i=0;i<a.length;i++)s=a[i],e.source===s.contentWindow&&(s.removeAttribute(\"style\"),\"height\"===t.message?(1e3<(r=parseInt(t.value,10))?r=1e3:~~r<200&&(r=200),s.height=r):\"link\"===t.message&&(r=new URL(s.getAttribute(\"src\")),n=new URL(t.value),c.test(n.protocol))&&n.host===r.host&&l.activeElement===s&&(d.top.location.href=t.value))}},d.addEventListener(\"message\",d.wp.receiveEmbedMessage,!1),l.addEventListener(\"DOMContentLoaded\",function(){for(var e,t,s=l.querySelectorAll(\"iframe.wp-embedded-content\"),r=0;r<s.length;r++)(t=(e=s[r]).getAttribute(\"data-secret\"))||(t=Math.random().toString(36).substring(2,12),e.src+=\"#?secret=\"+t,e.setAttribute(\"data-secret\",t)),e.contentWindow.postMessage({message:\"ready\",secret:t},\"*\")},!1)))}(window,document);\n\/\/# sourceURL=https:\/\/avrupapress.com\/main\/wp-includes\/js\/wp-embed.min.js\n\/* ]]> *\/\n<\/script>\n","thumbnail_url":"https:\/\/avrupapress.com\/main\/wp-content\/uploads\/2022\/05\/Av.-Gurler-Kocak.-Eskisehirdeki-Emirdaglilar-Vakfi-Baskan-Adayi.-2-e1652649430863.jpg","thumbnail_width":1024,"thumbnail_height":811,"description":"Eski\u015fehir\u2019deki Emirda\u011fl\u0131lar Sosyal Dayan\u0131\u015fma K\u00fclt\u00fcr ve E\u011fitim Vakf\u0131\u2019n\u0131n, 22. May\u0131s. 2022 tarihinde pazar g\u00fcn\u00fc yap\u0131lacak\u00a0olan ola\u011fan\u00a0kongresinde Av. G\u00fcrler Ko\u00e7ak ba\u015fkanl\u0131\u011fa adayl\u0131\u011f\u0131n\u0131 a\u00e7\u0131klad\u0131. Av. G\u00fcrler Ko\u00e7ak; \u00ab\u00a0Vakf\u0131m\u0131z\u0131n \u00e7\u0131tas\u0131n\u0131 y\u00fckseltmek, de\u011ferini daha da artt\u0131rmak, kurumsalla\u015fmas\u0131n\u0131 sa\u011flayarak vakf\u0131n emin ad\u0131mlarla sa\u011flam temeller \u00fczerinde gelecek nesillere ta\u015f\u0131nmas\u0131na hizmet etmek \u00fczere ba\u015fkanl\u0131\u011fa aday\u0131m. Amac\u0131m\u0131z, \u00f6ncelikle t\u00fcm Emirda\u011fl\u0131lara ula\u015farak; dayan\u0131\u015fma i\u00e7inde [&hellip;]"}

Editör

Koçak, Emirdağlılar Vakfı Başkanlığı'na aday - AvrupaPress

<blockquote class="wp-embedded-content" data-secret="c72vj7vEWY"><a href="https://avrupapress.com/main/2022/05/15/kocak-emirdaglilar-vakfi-baskanligina-aday-fotografli/">Koçak, Emirdağlılar Vakfı Başkanlığı&rsquo;na aday</a></blockquote><iframe sandbox="allow-scripts" security="restricted" src="https://avrupapress.com/main/2022/05/15/kocak-emirdaglilar-vakfi-baskanligina-aday-fotografli/embed/#?secret=c72vj7vEWY" width="600" height="338" title="« Koçak, Emirdağlılar Vakfı Başkanlığı&rsquo;na aday » &#8212; AvrupaPress" data-secret="c72vj7vEWY" frameborder="0" marginwidth="0" marginheight="0" scrolling="no" class="wp-embedded-content"></iframe><script type="text/javascript">
/* <![CDATA[ */
/*! This file is auto-generated */
!function(d,l){"use strict";l.querySelector&&d.addEventListener&&"undefined"!=typeof URL&&(d.wp=d.wp||{},d.wp.receiveEmbedMessage||(d.wp.receiveEmbedMessage=function(e){var t=e.data;if((t||t.secret||t.message||t.value)&&!/[^a-zA-Z0-9]/.test(t.secret)){for(var s,r,n,a=l.querySelectorAll('iframe[data-secret="'+t.secret+'"]'),o=l.querySelectorAll('blockquote[data-secret="'+t.secret+'"]'),c=new RegExp("^https?:$","i"),i=0;i<o.length;i++)o[i].style.display="none";for(i=0;i<a.length;i++)s=a[i],e.source===s.contentWindow&&(s.removeAttribute("style"),"height"===t.message?(1e3<(r=parseInt(t.value,10))?r=1e3:~~r<200&&(r=200),s.height=r):"link"===t.message&&(r=new URL(s.getAttribute("src")),n=new URL(t.value),c.test(n.protocol))&&n.host===r.host&&l.activeElement===s&&(d.top.location.href=t.value))}},d.addEventListener("message",d.wp.receiveEmbedMessage,!1),l.addEventListener("DOMContentLoaded",function(){for(var e,t,s=l.querySelectorAll("iframe.wp-embedded-content"),r=0;r<s.length;r++)(t=(e=s[r]).getAttribute("data-secret"))||(t=Math.random().toString(36).substring(2,12),e.src+="#?secret="+t,e.setAttribute("data-secret",t)),e.contentWindow.postMessage({message:"ready",secret:t},"*")},!1)))}(window,document);
//# sourceURL=https://avrupapress.com/main/wp-includes/js/wp-embed.min.js
/* ]]> */
</script>

Eskişehir’deki Emirdağlılar Sosyal Dayanışma Kültür ve Eğitim Vakfı’nın, 22. Mayıs. 2022 tarihinde pazar günü yapılacak olan olağan kongresinde Av. Gürler Koçak başkanlığa adaylığını açıkladı. Av. Gürler Koçak; « Vakfımızın çıtasını yükseltmek, değerini daha da arttırmak, kurumsallaşmasını sağlayarak vakfın emin adımlarla sağlam temeller üzerinde gelecek nesillere taşınmasına hizmet etmek üzere başkanlığa adayım. Amacımız, öncelikle tüm Emirdağlılara ulaşarak; dayanışma içinde [&hellip;]
