{"version":"1.0","provider_name":"AvrupaPress","provider_url":"https:\/\/avrupapress.com\/main","author_name":"Edit\u00f6r","author_url":"https:\/\/avrupapress.com\/main\/author\/editor\/","title":"Kazakistan'daki kaos giderek daha kanl\u0131 hal almaya ba\u015flad\u0131 - AvrupaPress","type":"rich","width":600,"height":338,"html":"<blockquote class=\"wp-embedded-content\" data-secret=\"Vj26oZ9ffI\"><a href=\"https:\/\/avrupapress.com\/main\/2022\/01\/06\/kazakistandaki-kaos-giderek-daha-kanli-hal-almaya-basladi\/\">Kazakistan&rsquo;daki kaos giderek daha kanl\u0131 hal almaya ba\u015flad\u0131<\/a><\/blockquote><iframe sandbox=\"allow-scripts\" security=\"restricted\" src=\"https:\/\/avrupapress.com\/main\/2022\/01\/06\/kazakistandaki-kaos-giderek-daha-kanli-hal-almaya-basladi\/embed\/#?secret=Vj26oZ9ffI\" width=\"600\" height=\"338\" title=\"\u00ab\u00a0Kazakistan&rsquo;daki kaos giderek daha kanl\u0131 hal almaya ba\u015flad\u0131\u00a0\u00bb &#8212; AvrupaPress\" data-secret=\"Vj26oZ9ffI\" frameborder=\"0\" marginwidth=\"0\" marginheight=\"0\" scrolling=\"no\" class=\"wp-embedded-content\"><\/iframe><script type=\"text\/javascript\">\n\/* <![CDATA[ *\/\n\/*! This file is auto-generated *\/\n!function(d,l){\"use strict\";l.querySelector&&d.addEventListener&&\"undefined\"!=typeof URL&&(d.wp=d.wp||{},d.wp.receiveEmbedMessage||(d.wp.receiveEmbedMessage=function(e){var t=e.data;if((t||t.secret||t.message||t.value)&&!\/[^a-zA-Z0-9]\/.test(t.secret)){for(var s,r,n,a=l.querySelectorAll('iframe[data-secret=\"'+t.secret+'\"]'),o=l.querySelectorAll('blockquote[data-secret=\"'+t.secret+'\"]'),c=new RegExp(\"^https?:$\",\"i\"),i=0;i<o.length;i++)o[i].style.display=\"none\";for(i=0;i<a.length;i++)s=a[i],e.source===s.contentWindow&&(s.removeAttribute(\"style\"),\"height\"===t.message?(1e3<(r=parseInt(t.value,10))?r=1e3:~~r<200&&(r=200),s.height=r):\"link\"===t.message&&(r=new URL(s.getAttribute(\"src\")),n=new URL(t.value),c.test(n.protocol))&&n.host===r.host&&l.activeElement===s&&(d.top.location.href=t.value))}},d.addEventListener(\"message\",d.wp.receiveEmbedMessage,!1),l.addEventListener(\"DOMContentLoaded\",function(){for(var e,t,s=l.querySelectorAll(\"iframe.wp-embedded-content\"),r=0;r<s.length;r++)(t=(e=s[r]).getAttribute(\"data-secret\"))||(t=Math.random().toString(36).substring(2,12),e.src+=\"#?secret=\"+t,e.setAttribute(\"data-secret\",t)),e.contentWindow.postMessage({message:\"ready\",secret:t},\"*\")},!1)))}(window,document);\n\/\/# sourceURL=https:\/\/avrupapress.com\/main\/wp-includes\/js\/wp-embed.min.js\n\/* ]]> *\/\n<\/script>\n","thumbnail_url":"https:\/\/avrupapress.com\/main\/wp-content\/uploads\/2022\/01\/kazakistan-daki-protestolarda-hayatini-kaybeden-14649613_7599_m.jpg","thumbnail_width":640,"thumbnail_height":360,"description":"Kazakistan&rsquo;da akaryak\u0131t zamlar\u0131n\u0131n protesto edilmesiyle ba\u015flayan kaos giderek daha kanl\u0131 hal almaya ba\u015flad\u0131. \u00dclkede protesto g\u00f6sterileri s\u0131ras\u0131nda ya\u015fam\u0131n\u0131 yitiren g\u00fcvenlik g\u00fcc\u00fc say\u0131s\u0131n\u0131n 18&rsquo;e y\u00fckseldi\u011fi, protestoculardan da 100&rsquo;den fazla \u00f6l\u00fc oldu\u011fu ifade edildi. Ayr\u0131ca hayat\u0131n\u0131 kaybeden g\u00fcvenlik g\u00fc\u00e7lerinden ikisinin ba\u015flar\u0131n\u0131n kesildi\u011fi a\u00e7\u0131kland\u0131. Kazakistan&lsquo;\u0131n bat\u0131s\u0131nda 2 Ocak&rsquo;tan itibaren LPG&rsquo;ye yap\u0131lan zamlar ve \u00fclkedeki sosyoekonomik durumun k\u00f6t\u00fcle\u015fti\u011fi gerek\u00e7esiyle [&hellip;]"}

Editör

Kazakistan'daki kaos giderek daha kanlı hal almaya başladı - AvrupaPress

<blockquote class="wp-embedded-content" data-secret="Vj26oZ9ffI"><a href="https://avrupapress.com/main/2022/01/06/kazakistandaki-kaos-giderek-daha-kanli-hal-almaya-basladi/">Kazakistan&rsquo;daki kaos giderek daha kanlı hal almaya başladı</a></blockquote><iframe sandbox="allow-scripts" security="restricted" src="https://avrupapress.com/main/2022/01/06/kazakistandaki-kaos-giderek-daha-kanli-hal-almaya-basladi/embed/#?secret=Vj26oZ9ffI" width="600" height="338" title="« Kazakistan&rsquo;daki kaos giderek daha kanlı hal almaya başladı » &#8212; AvrupaPress" data-secret="Vj26oZ9ffI" frameborder="0" marginwidth="0" marginheight="0" scrolling="no" class="wp-embedded-content"></iframe><script type="text/javascript">
/* <![CDATA[ */
/*! This file is auto-generated */
!function(d,l){"use strict";l.querySelector&&d.addEventListener&&"undefined"!=typeof URL&&(d.wp=d.wp||{},d.wp.receiveEmbedMessage||(d.wp.receiveEmbedMessage=function(e){var t=e.data;if((t||t.secret||t.message||t.value)&&!/[^a-zA-Z0-9]/.test(t.secret)){for(var s,r,n,a=l.querySelectorAll('iframe[data-secret="'+t.secret+'"]'),o=l.querySelectorAll('blockquote[data-secret="'+t.secret+'"]'),c=new RegExp("^https?:$","i"),i=0;i<o.length;i++)o[i].style.display="none";for(i=0;i<a.length;i++)s=a[i],e.source===s.contentWindow&&(s.removeAttribute("style"),"height"===t.message?(1e3<(r=parseInt(t.value,10))?r=1e3:~~r<200&&(r=200),s.height=r):"link"===t.message&&(r=new URL(s.getAttribute("src")),n=new URL(t.value),c.test(n.protocol))&&n.host===r.host&&l.activeElement===s&&(d.top.location.href=t.value))}},d.addEventListener("message",d.wp.receiveEmbedMessage,!1),l.addEventListener("DOMContentLoaded",function(){for(var e,t,s=l.querySelectorAll("iframe.wp-embedded-content"),r=0;r<s.length;r++)(t=(e=s[r]).getAttribute("data-secret"))||(t=Math.random().toString(36).substring(2,12),e.src+="#?secret="+t,e.setAttribute("data-secret",t)),e.contentWindow.postMessage({message:"ready",secret:t},"*")},!1)))}(window,document);
//# sourceURL=https://avrupapress.com/main/wp-includes/js/wp-embed.min.js
/* ]]> */
</script>

Kazakistan&rsquo;da akaryakıt zamlarının protesto edilmesiyle başlayan kaos giderek daha kanlı hal almaya başladı. Ülkede protesto gösterileri sırasında yaşamını yitiren güvenlik gücü sayısının 18&rsquo;e yükseldiği, protestoculardan da 100&rsquo;den fazla ölü olduğu ifade edildi. Ayrıca hayatını kaybeden güvenlik güçlerinden ikisinin başlarının kesildiği açıklandı. Kazakistan&lsquo;ın batısında 2 Ocak&rsquo;tan itibaren LPG&rsquo;ye yapılan zamlar ve ülkedeki sosyoekonomik durumun kötüleştiği gerekçesiyle [&hellip;]
