{"version":"1.0","provider_name":"AvrupaPress","provider_url":"https:\/\/avrupapress.com\/main","author_name":"Edit\u00f6r","author_url":"https:\/\/avrupapress.com\/main\/author\/editor\/","title":"AB Komisyonu, Pfizer\/BioNTech'in a\u015f\u0131s\u0131na da\u011f\u0131t\u0131m izni verdi - AvrupaPress","type":"rich","width":600,"height":338,"html":"<blockquote class=\"wp-embedded-content\" data-secret=\"JJn4gWuhSS\"><a href=\"https:\/\/avrupapress.com\/main\/2020\/12\/21\/ab-komisyonu-pfizer-biontechin-asisina-dagitim-izni-verdi\/\">AB Komisyonu, Pfizer\/BioNTech&rsquo;in a\u015f\u0131s\u0131na da\u011f\u0131t\u0131m izni verdi<\/a><\/blockquote><iframe sandbox=\"allow-scripts\" security=\"restricted\" src=\"https:\/\/avrupapress.com\/main\/2020\/12\/21\/ab-komisyonu-pfizer-biontechin-asisina-dagitim-izni-verdi\/embed\/#?secret=JJn4gWuhSS\" width=\"600\" height=\"338\" title=\"\u00ab\u00a0AB Komisyonu, Pfizer\/BioNTech&rsquo;in a\u015f\u0131s\u0131na da\u011f\u0131t\u0131m izni verdi\u00a0\u00bb &#8212; AvrupaPress\" data-secret=\"JJn4gWuhSS\" frameborder=\"0\" marginwidth=\"0\" marginheight=\"0\" scrolling=\"no\" class=\"wp-embedded-content\"><\/iframe><script type=\"text\/javascript\">\n\/* <![CDATA[ *\/\n\/*! This file is auto-generated *\/\n!function(d,l){\"use strict\";l.querySelector&&d.addEventListener&&\"undefined\"!=typeof URL&&(d.wp=d.wp||{},d.wp.receiveEmbedMessage||(d.wp.receiveEmbedMessage=function(e){var t=e.data;if((t||t.secret||t.message||t.value)&&!\/[^a-zA-Z0-9]\/.test(t.secret)){for(var s,r,n,a=l.querySelectorAll('iframe[data-secret=\"'+t.secret+'\"]'),o=l.querySelectorAll('blockquote[data-secret=\"'+t.secret+'\"]'),c=new RegExp(\"^https?:$\",\"i\"),i=0;i<o.length;i++)o[i].style.display=\"none\";for(i=0;i<a.length;i++)s=a[i],e.source===s.contentWindow&&(s.removeAttribute(\"style\"),\"height\"===t.message?(1e3<(r=parseInt(t.value,10))?r=1e3:~~r<200&&(r=200),s.height=r):\"link\"===t.message&&(r=new URL(s.getAttribute(\"src\")),n=new URL(t.value),c.test(n.protocol))&&n.host===r.host&&l.activeElement===s&&(d.top.location.href=t.value))}},d.addEventListener(\"message\",d.wp.receiveEmbedMessage,!1),l.addEventListener(\"DOMContentLoaded\",function(){for(var e,t,s=l.querySelectorAll(\"iframe.wp-embedded-content\"),r=0;r<s.length;r++)(t=(e=s[r]).getAttribute(\"data-secret\"))||(t=Math.random().toString(36).substring(2,12),e.src+=\"#?secret=\"+t,e.setAttribute(\"data-secret\",t)),e.contentWindow.postMessage({message:\"ready\",secret:t},\"*\")},!1)))}(window,document);\n\/\/# sourceURL=https:\/\/avrupapress.com\/main\/wp-includes\/js\/wp-embed.min.js\n\/* ]]> *\/\n<\/script>\n","thumbnail_url":"https:\/\/avrupapress.com\/wp-content\/uploads\/2020\/12\/2911295_810x458.jpg","thumbnail_width":810,"thumbnail_height":458,"description":"Avrupa Birli\u011fi (AB),Avrupa \u0130la\u00e7 Ajans\u0131 (EMA) taraf\u0131ndan yeni tip koronavir\u00fcs (Kovid-19) a\u015f\u0131s\u0131 i\u00e7in bug\u00fcn verilen kullan\u0131m onay\u0131n\u0131 tasdik etti ve da\u011f\u0131t\u0131m izni verdi. AB Komisyonu Ba\u015fkan\u0131 Ursula von der Leyen, konuyla ilgili a\u00e7\u0131klamas\u0131nda, EMA&rsquo;n\u0131n karar\u0131n\u0131n ard\u0131ndan AB Komisyonu&rsquo;nun izniyle Pfizer&rsquo;in Bel\u00e7ika&rsquo;daki tesislerinde \u00fcretilen a\u015f\u0131lar\u0131n AB \u00fcyelerine da\u011f\u0131t\u0131m\u0131n\u0131n birka\u00e7 g\u00fcn i\u00e7inde ba\u015flayaca\u011f\u0131n\u0131 s\u00f6yledi. &nbsp; Von der [&hellip;]"}

Editör

AB Komisyonu, Pfizer/BioNTech'in aşısına dağıtım izni verdi - AvrupaPress

<blockquote class="wp-embedded-content" data-secret="JJn4gWuhSS"><a href="https://avrupapress.com/main/2020/12/21/ab-komisyonu-pfizer-biontechin-asisina-dagitim-izni-verdi/">AB Komisyonu, Pfizer/BioNTech&rsquo;in aşısına dağıtım izni verdi</a></blockquote><iframe sandbox="allow-scripts" security="restricted" src="https://avrupapress.com/main/2020/12/21/ab-komisyonu-pfizer-biontechin-asisina-dagitim-izni-verdi/embed/#?secret=JJn4gWuhSS" width="600" height="338" title="« AB Komisyonu, Pfizer/BioNTech&rsquo;in aşısına dağıtım izni verdi » &#8212; AvrupaPress" data-secret="JJn4gWuhSS" frameborder="0" marginwidth="0" marginheight="0" scrolling="no" class="wp-embedded-content"></iframe><script type="text/javascript">
/* <![CDATA[ */
/*! This file is auto-generated */
!function(d,l){"use strict";l.querySelector&&d.addEventListener&&"undefined"!=typeof URL&&(d.wp=d.wp||{},d.wp.receiveEmbedMessage||(d.wp.receiveEmbedMessage=function(e){var t=e.data;if((t||t.secret||t.message||t.value)&&!/[^a-zA-Z0-9]/.test(t.secret)){for(var s,r,n,a=l.querySelectorAll('iframe[data-secret="'+t.secret+'"]'),o=l.querySelectorAll('blockquote[data-secret="'+t.secret+'"]'),c=new RegExp("^https?:$","i"),i=0;i<o.length;i++)o[i].style.display="none";for(i=0;i<a.length;i++)s=a[i],e.source===s.contentWindow&&(s.removeAttribute("style"),"height"===t.message?(1e3<(r=parseInt(t.value,10))?r=1e3:~~r<200&&(r=200),s.height=r):"link"===t.message&&(r=new URL(s.getAttribute("src")),n=new URL(t.value),c.test(n.protocol))&&n.host===r.host&&l.activeElement===s&&(d.top.location.href=t.value))}},d.addEventListener("message",d.wp.receiveEmbedMessage,!1),l.addEventListener("DOMContentLoaded",function(){for(var e,t,s=l.querySelectorAll("iframe.wp-embedded-content"),r=0;r<s.length;r++)(t=(e=s[r]).getAttribute("data-secret"))||(t=Math.random().toString(36).substring(2,12),e.src+="#?secret="+t,e.setAttribute("data-secret",t)),e.contentWindow.postMessage({message:"ready",secret:t},"*")},!1)))}(window,document);
//# sourceURL=https://avrupapress.com/main/wp-includes/js/wp-embed.min.js
/* ]]> */
</script>

Avrupa Birliği (AB),Avrupa İlaç Ajansı (EMA) tarafından yeni tip koronavirüs (Kovid-19) aşısı için bugün verilen kullanım onayını tasdik etti ve dağıtım izni verdi. AB Komisyonu Başkanı Ursula von der Leyen, konuyla ilgili açıklamasında, EMA&rsquo;nın kararının ardından AB Komisyonu&rsquo;nun izniyle Pfizer&rsquo;in Belçika&rsquo;daki tesislerinde üretilen aşıların AB üyelerine dağıtımının birkaç gün içinde başlayacağını söyledi. &nbsp; Von der [&hellip;]
