{"version":"1.0","provider_name":"AvrupaPress","provider_url":"https:\/\/avrupapress.com\/main","author_name":"Edit\u00f6r","author_url":"https:\/\/avrupapress.com\/main\/author\/editor\/","title":"14 G\u00fcn karantina alt\u0131nda tutuluyorlar\u2026 - AvrupaPress","type":"rich","width":600,"height":338,"html":"<blockquote class=\"wp-embedded-content\" data-secret=\"dpHDymjicz\"><a href=\"https:\/\/avrupapress.com\/main\/2020\/03\/19\/14-gun-karantina-altinda-tutuluyorlar\/\">14 G\u00fcn karantina alt\u0131nda tutuluyorlar\u2026<\/a><\/blockquote><iframe sandbox=\"allow-scripts\" security=\"restricted\" src=\"https:\/\/avrupapress.com\/main\/2020\/03\/19\/14-gun-karantina-altinda-tutuluyorlar\/embed\/#?secret=dpHDymjicz\" width=\"600\" height=\"338\" title=\"\u00ab\u00a014 G\u00fcn karantina alt\u0131nda tutuluyorlar\u2026\u00a0\u00bb &#8212; AvrupaPress\" data-secret=\"dpHDymjicz\" frameborder=\"0\" marginwidth=\"0\" marginheight=\"0\" scrolling=\"no\" class=\"wp-embedded-content\"><\/iframe><script type=\"text\/javascript\">\n\/* <![CDATA[ *\/\n\/*! This file is auto-generated *\/\n!function(d,l){\"use strict\";l.querySelector&&d.addEventListener&&\"undefined\"!=typeof URL&&(d.wp=d.wp||{},d.wp.receiveEmbedMessage||(d.wp.receiveEmbedMessage=function(e){var t=e.data;if((t||t.secret||t.message||t.value)&&!\/[^a-zA-Z0-9]\/.test(t.secret)){for(var s,r,n,a=l.querySelectorAll('iframe[data-secret=\"'+t.secret+'\"]'),o=l.querySelectorAll('blockquote[data-secret=\"'+t.secret+'\"]'),c=new RegExp(\"^https?:$\",\"i\"),i=0;i<o.length;i++)o[i].style.display=\"none\";for(i=0;i<a.length;i++)s=a[i],e.source===s.contentWindow&&(s.removeAttribute(\"style\"),\"height\"===t.message?(1e3<(r=parseInt(t.value,10))?r=1e3:~~r<200&&(r=200),s.height=r):\"link\"===t.message&&(r=new URL(s.getAttribute(\"src\")),n=new URL(t.value),c.test(n.protocol))&&n.host===r.host&&l.activeElement===s&&(d.top.location.href=t.value))}},d.addEventListener(\"message\",d.wp.receiveEmbedMessage,!1),l.addEventListener(\"DOMContentLoaded\",function(){for(var e,t,s=l.querySelectorAll(\"iframe.wp-embedded-content\"),r=0;r<s.length;r++)(t=(e=s[r]).getAttribute(\"data-secret\"))||(t=Math.random().toString(36).substring(2,12),e.src+=\"#?secret=\"+t,e.setAttribute(\"data-secret\",t)),e.contentWindow.postMessage({message:\"ready\",secret:t},\"*\")},!1)))}(window,document);\n\/\/# sourceURL=https:\/\/avrupapress.com\/main\/wp-includes\/js\/wp-embed.min.js\n\/* ]]> *\/\n<\/script>\n","thumbnail_url":"https:\/\/avrupapress.com\/wp-content\/uploads\/2020\/03\/corana-duyuru.jpg","thumbnail_width":770,"thumbnail_height":419,"description":"T\u00fcrkiye Cumhuriyeti Br\u00fcksel B\u00fcy\u00fckel\u00e7ili\u011fi,&nbsp; Corona vir\u00fcs\u00fc(Covid 19) hakk\u0131nda,t\u00fcm d\u00fcnyada al\u0131nan tedbirlere ba\u011fl\u0131 olarak T\u00fcrkiye\u2019de al\u0131nan tedbirleri de hat\u0131rlatarak,T\u00fcrk vatanda\u015flar\u0131n\u0131 uyard\u0131..Yap\u0131lan duyuruyu okurlar\u0131m\u0131z ile payla\u015f\u0131yoruz: \u201cVATANDA\u015eLARIMIZA \u00d6NEML\u0130 DUYURUCOVID-19 salg\u0131n\u0131 nedeniyle pek \u00e7ok \u00fclkede, s\u0131n\u0131rlar\u0131n kapat\u0131lmas\u0131, hava ve karayolu ula\u015f\u0131mlar\u0131n\u0131n ask\u0131ya al\u0131nmas\u0131, \u00fclkelere giri\u015flerde sa\u011fl\u0131k raporu ibraz edilmesi, riskli b\u00f6lgelerden gelen yabanc\u0131lar\u0131n kabul edilmemesi ya da \u00fclkeye [&hellip;]"}

Editör

14 Gün karantina altında tutuluyorlar… - AvrupaPress

<blockquote class="wp-embedded-content" data-secret="dpHDymjicz"><a href="https://avrupapress.com/main/2020/03/19/14-gun-karantina-altinda-tutuluyorlar/">14 Gün karantina altında tutuluyorlar…</a></blockquote><iframe sandbox="allow-scripts" security="restricted" src="https://avrupapress.com/main/2020/03/19/14-gun-karantina-altinda-tutuluyorlar/embed/#?secret=dpHDymjicz" width="600" height="338" title="« 14 Gün karantina altında tutuluyorlar… » &#8212; AvrupaPress" data-secret="dpHDymjicz" frameborder="0" marginwidth="0" marginheight="0" scrolling="no" class="wp-embedded-content"></iframe><script type="text/javascript">
/* <![CDATA[ */
/*! This file is auto-generated */
!function(d,l){"use strict";l.querySelector&&d.addEventListener&&"undefined"!=typeof URL&&(d.wp=d.wp||{},d.wp.receiveEmbedMessage||(d.wp.receiveEmbedMessage=function(e){var t=e.data;if((t||t.secret||t.message||t.value)&&!/[^a-zA-Z0-9]/.test(t.secret)){for(var s,r,n,a=l.querySelectorAll('iframe[data-secret="'+t.secret+'"]'),o=l.querySelectorAll('blockquote[data-secret="'+t.secret+'"]'),c=new RegExp("^https?:$","i"),i=0;i<o.length;i++)o[i].style.display="none";for(i=0;i<a.length;i++)s=a[i],e.source===s.contentWindow&&(s.removeAttribute("style"),"height"===t.message?(1e3<(r=parseInt(t.value,10))?r=1e3:~~r<200&&(r=200),s.height=r):"link"===t.message&&(r=new URL(s.getAttribute("src")),n=new URL(t.value),c.test(n.protocol))&&n.host===r.host&&l.activeElement===s&&(d.top.location.href=t.value))}},d.addEventListener("message",d.wp.receiveEmbedMessage,!1),l.addEventListener("DOMContentLoaded",function(){for(var e,t,s=l.querySelectorAll("iframe.wp-embedded-content"),r=0;r<s.length;r++)(t=(e=s[r]).getAttribute("data-secret"))||(t=Math.random().toString(36).substring(2,12),e.src+="#?secret="+t,e.setAttribute("data-secret",t)),e.contentWindow.postMessage({message:"ready",secret:t},"*")},!1)))}(window,document);
//# sourceURL=https://avrupapress.com/main/wp-includes/js/wp-embed.min.js
/* ]]> */
</script>

Türkiye Cumhuriyeti Brüksel Büyükelçiliği,&nbsp; Corona virüsü(Covid 19) hakkında,tüm dünyada alınan tedbirlere bağlı olarak Türkiye’de alınan tedbirleri de hatırlatarak,Türk vatandaşlarını uyardı..Yapılan duyuruyu okurlarımız ile paylaşıyoruz: “VATANDAŞLARIMIZA ÖNEMLİ DUYURUCOVID-19 salgını nedeniyle pek çok ülkede, sınırların kapatılması, hava ve karayolu ulaşımlarının askıya alınması, ülkelere girişlerde sağlık raporu ibraz edilmesi, riskli bölgelerden gelen yabancıların kabul edilmemesi ya da ülkeye [&hellip;]
