{"version":"1.0","provider_name":"AvrupaPress","provider_url":"https:\/\/avrupapress.com\/main","author_name":"Edit\u00f6r","author_url":"https:\/\/avrupapress.com\/main\/author\/editor\/","title":"\u0130ngiltere\u2019de camide b\u0131\u00e7akl\u0131 sald\u0131r\u0131 - AvrupaPress","type":"rich","width":600,"height":338,"html":"<blockquote class=\"wp-embedded-content\" data-secret=\"ubyQGVwdsE\"><a href=\"https:\/\/avrupapress.com\/main\/2020\/02\/20\/ingilterede-camide-bicakli-saldiri\/\">\u0130ngiltere\u2019de camide b\u0131\u00e7akl\u0131 sald\u0131r\u0131<\/a><\/blockquote><iframe sandbox=\"allow-scripts\" security=\"restricted\" src=\"https:\/\/avrupapress.com\/main\/2020\/02\/20\/ingilterede-camide-bicakli-saldiri\/embed\/#?secret=ubyQGVwdsE\" width=\"600\" height=\"338\" title=\"\u00ab\u00a0\u0130ngiltere\u2019de camide b\u0131\u00e7akl\u0131 sald\u0131r\u0131\u00a0\u00bb &#8212; AvrupaPress\" data-secret=\"ubyQGVwdsE\" frameborder=\"0\" marginwidth=\"0\" marginheight=\"0\" scrolling=\"no\" class=\"wp-embedded-content\"><\/iframe><script type=\"text\/javascript\">\n\/* <![CDATA[ *\/\n\/*! This file is auto-generated *\/\n!function(d,l){\"use strict\";l.querySelector&&d.addEventListener&&\"undefined\"!=typeof URL&&(d.wp=d.wp||{},d.wp.receiveEmbedMessage||(d.wp.receiveEmbedMessage=function(e){var t=e.data;if((t||t.secret||t.message||t.value)&&!\/[^a-zA-Z0-9]\/.test(t.secret)){for(var s,r,n,a=l.querySelectorAll('iframe[data-secret=\"'+t.secret+'\"]'),o=l.querySelectorAll('blockquote[data-secret=\"'+t.secret+'\"]'),c=new RegExp(\"^https?:$\",\"i\"),i=0;i<o.length;i++)o[i].style.display=\"none\";for(i=0;i<a.length;i++)s=a[i],e.source===s.contentWindow&&(s.removeAttribute(\"style\"),\"height\"===t.message?(1e3<(r=parseInt(t.value,10))?r=1e3:~~r<200&&(r=200),s.height=r):\"link\"===t.message&&(r=new URL(s.getAttribute(\"src\")),n=new URL(t.value),c.test(n.protocol))&&n.host===r.host&&l.activeElement===s&&(d.top.location.href=t.value))}},d.addEventListener(\"message\",d.wp.receiveEmbedMessage,!1),l.addEventListener(\"DOMContentLoaded\",function(){for(var e,t,s=l.querySelectorAll(\"iframe.wp-embedded-content\"),r=0;r<s.length;r++)(t=(e=s[r]).getAttribute(\"data-secret\"))||(t=Math.random().toString(36).substring(2,12),e.src+=\"#?secret=\"+t,e.setAttribute(\"data-secret\",t)),e.contentWindow.postMessage({message:\"ready\",secret:t},\"*\")},!1)))}(window,document);\n\/\/# sourceURL=https:\/\/avrupapress.com\/main\/wp-includes\/js\/wp-embed.min.js\n\/* ]]> *\/\n<\/script>\n","thumbnail_url":"https:\/\/avrupapress.com\/wp-content\/uploads\/2020\/02\/Ostu0tRD_0CXXSruh2NjPg.jpg","thumbnail_width":710,"thumbnail_height":403,"description":"\u0130ngiltere&rsquo;nin ba\u015fkenti Londra&rsquo;da, camiye giren bir ki\u015fi, namaz k\u0131lan din g\u00f6revlisini b\u0131\u00e7aklad\u0131. Sald\u0131r\u0131n\u0131n ter\u00f6r ba\u011flant\u0131l\u0131 olmad\u0131\u011f\u0131 belirtildi. Londra polisinin a\u00e7\u0131klamas\u0131nda, yerel saatle 15.10&rsquo;da (TS\u0130 18.10) Regent Park Camisi&rsquo;nde meydana gelen olayda, 29 ya\u015f\u0131ndaki sald\u0131rgan\u0131n \u00ab\u00a0cinayete te\u015febb\u00fcsle\u00a0\u00bb su\u00e7land\u0131\u011f\u0131 kaydedildi. Sald\u0131rgan\u0131n camide namazlara kat\u0131ld\u0131\u011f\u0131na inan\u0131ld\u0131\u011f\u0131 ve g\u00f6zalt\u0131na al\u0131narak bir polis karakoluna g\u00f6t\u00fcr\u00fcld\u00fc\u011f\u00fc belirtilen a\u00e7\u0131klamada, \u00ab\u00a0Soru\u015fturma devam ediyor. [&hellip;]"}

Editör

İngiltere’de camide bıçaklı saldırı - AvrupaPress

<blockquote class="wp-embedded-content" data-secret="ubyQGVwdsE"><a href="https://avrupapress.com/main/2020/02/20/ingilterede-camide-bicakli-saldiri/">İngiltere’de camide bıçaklı saldırı</a></blockquote><iframe sandbox="allow-scripts" security="restricted" src="https://avrupapress.com/main/2020/02/20/ingilterede-camide-bicakli-saldiri/embed/#?secret=ubyQGVwdsE" width="600" height="338" title="« İngiltere’de camide bıçaklı saldırı » &#8212; AvrupaPress" data-secret="ubyQGVwdsE" frameborder="0" marginwidth="0" marginheight="0" scrolling="no" class="wp-embedded-content"></iframe><script type="text/javascript">
/* <![CDATA[ */
/*! This file is auto-generated */
!function(d,l){"use strict";l.querySelector&&d.addEventListener&&"undefined"!=typeof URL&&(d.wp=d.wp||{},d.wp.receiveEmbedMessage||(d.wp.receiveEmbedMessage=function(e){var t=e.data;if((t||t.secret||t.message||t.value)&&!/[^a-zA-Z0-9]/.test(t.secret)){for(var s,r,n,a=l.querySelectorAll('iframe[data-secret="'+t.secret+'"]'),o=l.querySelectorAll('blockquote[data-secret="'+t.secret+'"]'),c=new RegExp("^https?:$","i"),i=0;i<o.length;i++)o[i].style.display="none";for(i=0;i<a.length;i++)s=a[i],e.source===s.contentWindow&&(s.removeAttribute("style"),"height"===t.message?(1e3<(r=parseInt(t.value,10))?r=1e3:~~r<200&&(r=200),s.height=r):"link"===t.message&&(r=new URL(s.getAttribute("src")),n=new URL(t.value),c.test(n.protocol))&&n.host===r.host&&l.activeElement===s&&(d.top.location.href=t.value))}},d.addEventListener("message",d.wp.receiveEmbedMessage,!1),l.addEventListener("DOMContentLoaded",function(){for(var e,t,s=l.querySelectorAll("iframe.wp-embedded-content"),r=0;r<s.length;r++)(t=(e=s[r]).getAttribute("data-secret"))||(t=Math.random().toString(36).substring(2,12),e.src+="#?secret="+t,e.setAttribute("data-secret",t)),e.contentWindow.postMessage({message:"ready",secret:t},"*")},!1)))}(window,document);
//# sourceURL=https://avrupapress.com/main/wp-includes/js/wp-embed.min.js
/* ]]> */
</script>

İngiltere&rsquo;nin başkenti Londra&rsquo;da, camiye giren bir kişi, namaz kılan din görevlisini bıçakladı. Saldırının terör bağlantılı olmadığı belirtildi. Londra polisinin açıklamasında, yerel saatle 15.10&rsquo;da (TSİ 18.10) Regent Park Camisi&rsquo;nde meydana gelen olayda, 29 yaşındaki saldırganın « cinayete teşebbüsle » suçlandığı kaydedildi. Saldırganın camide namazlara katıldığına inanıldığı ve gözaltına alınarak bir polis karakoluna götürüldüğü belirtilen açıklamada, « Soruşturma devam ediyor. [&hellip;]
